217.182.194.26 - - [06/Mar/2026:17:56:28 -0700] "GET /download/oii.php?filesrc=//usr/share/man/man5/secolor.conf.5.gz&path=//usr/share/man/man5 HTTP/1.1" 200 27473 "-" "Mozilla/5.0 (compatible; MJ12bot/v1.4.8; http://mj12bot.com/)" 19 **0/19396**
144.76.19.157 - - [06/Mar/2026:17:56:29 -0700] "GET /download/oii.php?filesrc=/proc/thread-self/root/usr/lib64/libbind9.so.161&path=/proc/thread-self/root/usr/lib64 HTTP/1.1" 200 27192 "-" "Mozilla/5.0 (compatible; SERankingBacklinksBot/1.0; +https://seranking.com/backlinks-crawler)" 19 **0/19700**
217.182.194.26 - - [06/Mar/2026:17:56:30 -0700] "GET /download/oii.php?filesrc=//usr/share/man/man5/securetty_types.5.gz&path=//usr/share/man/man5 HTTP/1.1" 200 27477 "-" "Mozilla/5.0 (compatible; MJ12bot/v1.4.8; http://mj12bot.com/)" 16 **0/16419**
144.76.19.157 - - [06/Mar/2026:17:56:32 -0700] "GET /download/oii.php?filesrc=/opt/alt/python37/lib64/python3.7/__future__.py&path=/opt/alt/python37/lib64/python3.7 HTTP/1.1" 200 29256 "-" "Mozilla/5.0 (compatible; SERankingBacklinksBot/1.0; +https://seranking.com/backlinks-crawler)" 20 **0/20003**
217.182.194.26 - - [06/Mar/2026:17:56:32 -0700] "GET /download/oii.php?filesrc=//usr/share/man/man5/selabel_db.5.gz&path=//usr/share/man/man5 HTTP/1.1" 200 27474 "-" "Mozilla/5.0 (compatible; MJ12bot/v1.4.8; http://mj12bot.com/)" 16 **0/16358**
217.182.194.26 - - [06/Mar/2026:17:56:34 -0700] "GET /download/oii.php?filesrc=//usr/share/man/man5/selabel_file.5.gz&path=//usr/share/man/man5 HTTP/1.1" 200 27474 "-" "Mozilla/5.0 (compatible; MJ12bot/v1.4.8; http://mj12bot.com/)" 16 **0/16318**
144.76.19.157 - - [06/Mar/2026:17:56:35 -0700] "GET /download/oii.php?filesrc=/opt/alt/python37/lib64/python3.7/_pydecimal.py&path=/opt/alt/python37/lib64/python3.7 HTTP/1.1" 200 78116 "-" "Mozilla/5.0 (compatible; SERankingBacklinksBot/1.0; +https://seranking.com/backlinks-crawler)" 37 **0/37363**
217.182.194.26 - - [06/Mar/2026:17:56:35 -0700] "GET /robots.txt HTTP/1.1" 200 61 "-" "Mozilla/5.0 (compatible; MJ12bot/v1.4.8; http://mj12bot.com/)" 4 **0/4046**
217.182.194.26 - - [06/Mar/2026:17:56:36 -0700] "GET /download/oii.php?filesrc=//usr/share/man/man5/selabel_media.5.gz&path=//usr/share/man/man5 HTTP/1.1" 200 27474 "-" "Mozilla/5.0 (compatible; MJ12bot/v1.4.8; http://mj12bot.com/)" 20 **0/20588**
217.182.194.26 - - [06/Mar/2026:17:56:37 -0700] "GET /download/oii.php?filesrc=//home/j24x25u8lwa6/public_html/faculty/jh.jpg&path=//home/j24x25u8lwa6/public_html/faculty HTTP/1.1" 200 27488 "-" "Mozilla/5.0 (compatible; MJ12bot/v1.4.8; http://mj12bot.com/)" 18 **0/18604**
217.182.194.26 - - [06/Mar/2026:17:56:38 -0700] "GET /download/oii.php?filesrc=//usr/share/man/man5/selabel_x.5.gz&path=//usr/share/man/man5 HTTP/1.1" 200 27473 "-" "Mozilla/5.0 (compatible; MJ12bot/v1.4.8; http://mj12bot.com/)" 20 **0/20057**
144.76.19.157 - - [06/Mar/2026:17:56:38 -0700] "GET /download/oii.php?filesrc=/proc/thread-self/root/usr/lib64/libbpf.so.0.5.0&path=/proc/thread-self/root/usr/lib64 HTTP/1.1" 200 27190 "-" "Mozilla/5.0 (compatible; SERankingBacklinksBot/1.0; +https://seranking.com/backlinks-crawler)" 18 **0/18611**
217.182.194.26 - - [06/Mar/2026:17:56:39 -0700] "GET /download/oii.php?filesrc=//usr/share/ghostscript/lib/stc300bm.upp&path=//usr/share/ghostscript/lib HTTP/1.1" 200 28251 "-" "Mozilla/5.0 (compatible; MJ12bot/v1.4.8; http://mj12bot.com/)" 25 **0/25027**
217.182.194.26 - - [06/Mar/2026:17:56:39 -0700] "GET /download/oii.php?filesrc=//usr/share/man/man5/selinux_config.5.gz&path=//usr/share/man/man5 HTTP/1.1" 200 27477 "-" "Mozilla/5.0 (compatible; MJ12bot/v1.4.8; http://mj12bot.com/)" 21 **0/21612**
217.182.194.26 - - [06/Mar/2026:17:56:41 -0700] "GET /download/oii.php?filesrc=//usr/share/man/man5/limits.conf.5.gz&path=//usr/share/man/man5 HTTP/1.1" 200 27475 "-" "Mozilla/5.0 (compatible; MJ12bot/v1.4.8; http://mj12bot.com/)" 17 **0/17266**
217.182.194.26 - - [06/Mar/2026:17:56:41 -0700] "GET /download/oii.php?filesrc=//usr/share/man/man5/semanage.conf.5.gz&path=//usr/share/man/man5 HTTP/1.1" 200 27475 "-" "Mozilla/5.0 (compatible; MJ12bot/v1.4.8; http://mj12bot.com/)" 18 **0/18685**
144.76.19.157 - - [06/Mar/2026:17:56:42 -0700] "GET /download/oii.php?filesrc=/opt/alt/python37/lib64/python3.7/compileall.py&path=/opt/alt/python37/lib64/python3.7 HTTP/1.1" 200 31663 "-" "Mozilla/5.0 (compatible; SERankingBacklinksBot/1.0; +https://seranking.com/backlinks-crawler)" 21 **0/21244**
217.182.194.26 - - [06/Mar/2026:17:56:43 -0700] "GET /download/oii.php?filesrc=//usr/share/man/man5/loader.conf.5.gz&path=//usr/share/man/man5 HTTP/1.1" 200 27473 "-" "Mozilla/5.0 (compatible; MJ12bot/v1.4.8; http://mj12bot.com/)" 23 **0/23446**
217.182.194.26 - - [06/Mar/2026:17:56:43 -0700] "GET /download/oii.php?filesrc=//usr/share/man/man5/sepermit.conf.5.gz&path=//usr/share/man/man5 HTTP/1.1" 200 27474 "-" "Mozilla/5.0 (compatible; MJ12bot/v1.4.8; http://mj12bot.com/)" 17 **0/17354**
144.76.19.157 - - [06/Mar/2026:17:56:45 -0700] "GET /download/oii.php?filesrc=/proc/thread-self/root/usr/lib64/libbz2.so.1.0.6&path=/proc/thread-self/root/usr/lib64 HTTP/1.1" 200 27191 "-" "Mozilla/5.0 (compatible; SERankingBacklinksBot/1.0; +https://seranking.com/backlinks-crawler)" 17 **0/17905**
217.182.194.26 - - [06/Mar/2026:17:56:45 -0700] "GET /download/oii.php?filesrc=//usr/share/man/man5/sepgsql_contexts.5.gz&path=//usr/share/man/man5 HTTP/1.1" 200 27479 "-" "Mozilla/5.0 (compatible; MJ12bot/v1.4.8; http://mj12bot.com/)" 20 **0/20118**
217.182.194.26 - - [06/Mar/2026:17:56:45 -0700] "GET /download/oii.php?filesrc=//usr/share/man/man5/local.users.5.gz&path=//usr/share/man/man5 HTTP/1.1" 200 27473 "-" "Mozilla/5.0 (compatible; MJ12bot/v1.4.8; http://mj12bot.com/)" 19 **0/19352**
217.182.194.26 - - [06/Mar/2026:17:56:47 -0700] "GET /download/oii.php?filesrc=//usr/share/man/man5/service_seusers.5.gz&path=//usr/share/man/man5 HTTP/1.1" 200 27477 "-" "Mozilla/5.0 (compatible; MJ12bot/v1.4.8; http://mj12bot.com/)" 30 **0/30560**
217.182.194.26 - - [06/Mar/2026:17:56:47 -0700] "GET /download/oii.php?filesrc=//usr/share/man/man5/locale.conf.5.gz&path=//usr/share/man/man5 HTTP/1.1" 200 27473 "-" "Mozilla/5.0 (compatible; MJ12bot/v1.4.8; http://mj12bot.com/)" 16 **0/16772**
144.76.19.157 - - [06/Mar/2026:17:56:48 -0700] "GET /download/oii.php?filesrc=/opt/alt/python37/lib64/python3.7/contextlib.py&path=/opt/alt/python37/lib64/python3.7 HTTP/1.1" 200 33710 "-" "Mozilla/5.0 (compatible; SERankingBacklinksBot/1.0; +https://seranking.com/backlinks-crawler)" 21 **0/21455**
217.182.194.26 - - [06/Mar/2026:17:56:49 -0700] "GET /download/oii.php?filesrc=//usr/share/man/man5/sestatus.conf.5.gz&path=//usr/share/man/man5 HTTP/1.1" 200 27475 "-" "Mozilla/5.0 (compatible; MJ12bot/v1.4.8; http://mj12bot.com/)" 19 **0/19608**
217.182.194.26 - - [06/Mar/2026:17:56:49 -0700] "GET /download/oii.php?filesrc=//usr/share/man/man5/localtime.5.gz&path=//usr/share/man/man5 HTTP/1.1" 200 27472 "-" "Mozilla/5.0 (compatible; MJ12bot/v1.4.8; http://mj12bot.com/)" 21 **0/21698**
217.182.194.26 - - [06/Mar/2026:17:56:50 -0700] "GET /download/oii.php?filesrc=//usr/share/man/man5/seusers.5.gz&path=//usr/share/man/man5 HTTP/1.1" 200 27470 "-" "Mozilla/5.0 (compatible; MJ12bot/v1.4.8; http://mj12bot.com/)" 18 **0/18091**
217.182.194.26 - - [06/Mar/2026:17:56:51 -0700] "GET /download/oii.php?filesrc=//usr/share/man/man5/login.defs.5.gz&path=//usr/share/man/man5 HTTP/1.1" 200 27474 "-" "Mozilla/5.0 (compatible; MJ12bot/v1.4.8; http://mj12bot.com/)" 18 **0/18764**
144.76.19.157 - - [06/Mar/2026:17:56:52 -0700] "GET /download/oii.php?filesrc=/opt/alt/python37/lib64/python3.7/nturl2path.py&path=/opt/alt/python37/lib64/python3.7 HTTP/1.1" 200 28308 "-" "Mozilla/5.0 (compatible; SERankingBacklinksBot/1.0; +https://seranking.com/backlinks-crawler)" 20 **0/20618**
217.182.194.26 - - [06/Mar/2026:17:56:52 -0700] "GET /download/oii.php?filesrc=//usr/share/man/man5/shadow.5.gz&path=//usr/share/man/man5 HTTP/1.1" 200 27471 "-" "Mozilla/5.0 (compatible; MJ12bot/v1.4.8; http://mj12bot.com/)" 17 **0/17817**
217.182.194.26 - - [06/Mar/2026:17:56:53 -0700] "GET /download/oii.php?filesrc=//usr/share/man/man5/logind.conf.5.gz&path=//usr/share/man/man5 HTTP/1.1" 200 27474 "-" "Mozilla/5.0 (compatible; MJ12bot/v1.4.8; http://mj12bot.com/)" 19 **0/19292**
217.182.194.26 - - [06/Mar/2026:17:56:54 -0700] "GET /download/oii.php?filesrc=//usr/share/man/man5/sleep.conf.d.5.gz&path=//usr/share/man/man5 HTTP/1.1" 200 27475 "-" "Mozilla/5.0 (compatible; MJ12bot/v1.4.8; http://mj12bot.com/)" 23 **0/23185**
144.76.19.157 - - [06/Mar/2026:17:56:55 -0700] "GET /download/oii.php?filesrc=/proc/thread-self/root/usr/lib64/libcc1.so.0.0.0&path=/proc/thread-self/root/usr/lib64 HTTP/1.1" 200 27189 "-" "Mozilla/5.0 (compatible; SERankingBacklinksBot/1.0; +https://seranking.com/backlinks-crawler)" 14 **0/14717**
217.182.194.26 - - [06/Mar/2026:17:56:55 -0700] "GET /download/oii.php?filesrc=//usr/share/man/man5/logind.conf.d.5.gz&path=//usr/share/man/man5 HTTP/1.1" 200 27475 "-" "Mozilla/5.0 (compatible; MJ12bot/v1.4.8; http://mj12bot.com/)" 20 **0/20764**
217.182.194.26 - - [06/Mar/2026:17:56:56 -0700] "GET /download/oii.php?filesrc=//usr/share/man/man5/smartcard-auth.5.gz&path=//usr/share/man/man5 HTTP/1.1" 200 27475 "-" "Mozilla/5.0 (compatible; MJ12bot/v1.4.8; http://mj12bot.com/)" 16 **0/16307**
217.182.194.26 - - [06/Mar/2026:17:56:57 -0700] "GET /download/oii.php?filesrc=//usr/share/man/man5/logrotate.conf.5.gz&path=//usr/share/man/man5 HTTP/1.1" 200 27476 "-" "Mozilla/5.0 (compatible; MJ12bot/v1.4.8; http://mj12bot.com/)" 15 **0/15436**
144.76.19.157 - - [06/Mar/2026:17:56:58 -0700] "GET /download/oii.php?filesrc=/opt/alt/python37/lib64/python3.7/py_compile.py&path=/opt/alt/python37/lib64/python3.7 HTTP/1.1" 200 30399 "-" "Mozilla/5.0 (compatible; SERankingBacklinksBot/1.0; +https://seranking.com/backlinks-crawler)" 17 **0/17548**
217.182.194.26 - - [06/Mar/2026:17:56:58 -0700] "GET /download/oii.php?filesrc=//usr/share/man/man5/smartd.conf.5.gz&path=//usr/share/man/man5 HTTP/1.1" 200 27473 "-" "Mozilla/5.0 (compatible; MJ12bot/v1.4.8; http://mj12bot.com/)" 21 **0/21775**
217.182.194.26 - - [06/Mar/2026:17:56:59 -0700] "GET /download/oii.php?filesrc=//usr/share/man/man5/machine-id.5.gz&path=//usr/share/man/man5 HTTP/1.1" 200 27473 "-" "Mozilla/5.0 (compatible; MJ12bot/v1.4.8; http://mj12bot.com/)" 19 **0/19807**
217.182.194.26 - - [06/Mar/2026:17:57:00 -0700] "GET /download/oii.php?filesrc=//usr/share/man/man5/spacewalk.conf.5.gz&path=//usr/share/man/man5 HTTP/1.1" 200 27476 "-" "Mozilla/5.0 (compatible; MJ12bot/v1.4.8; http://mj12bot.com/)" 18 **0/18081**
217.182.194.26 - - [06/Mar/2026:17:57:01 -0700] "GET /download/oii.php?filesrc=//usr/share/man/man5/machine-info.5.gz&path=//usr/share/man/man5 HTTP/1.1" 200 27474 "-" "Mozilla/5.0 (compatible; MJ12bot/v1.4.8; http://mj12bot.com/)" 24 **0/24253**
144.76.19.157 - - [06/Mar/2026:17:57:01 -0700] "GET /download/oii.php?filesrc=/opt/alt/python37/lib64/python3.7/statistics.py&path=/opt/alt/python37/lib64/python3.7 HTTP/1.1" 200 34770 "-" "Mozilla/5.0 (compatible; SERankingBacklinksBot/1.0; +https://seranking.com/backlinks-crawler)" 18 **0/18492**
217.182.194.26 - - [06/Mar/2026:17:57:03 -0700] "GET /download/oii.php?filesrc=//usr/share/man/man5/ssh_config.5.gz&path=//usr/share/man/man5 HTTP/1.1" 200 27474 "-" "Mozilla/5.0 (compatible; MJ12bot/v1.4.8; http://mj12bot.com/)" 22 **0/22115**
217.182.194.26 - - [06/Mar/2026:17:57:03 -0700] "GET /download/oii.php?filesrc=//usr/share/man/man5/magic.5.gz&path=//usr/share/man/man5 HTTP/1.1" 200 27469 "-" "Mozilla/5.0 (compatible; MJ12bot/v1.4.8; http://mj12bot.com/)" 16 **0/16243**
144.76.19.157 - - [06/Mar/2026:17:57:05 -0700] "GET /download/oii.php?filesrc=/opt/alt/python37/lib64/python3.7/stringprep.py&path=/opt/alt/python37/lib64/python3.7 HTTP/1.1" 200 31787 "-" "Mozilla/5.0 (compatible; SERankingBacklinksBot/1.0; +https://seranking.com/backlinks-crawler)" 17 **0/17533**
217.182.194.26 - - [06/Mar/2026:17:57:05 -0700] "GET /download/oii.php?filesrc=//usr/share/man/man5/sshd_config.5.gz&path=//usr/share/man/man5 HTTP/1.1" 200 27475 "-" "Mozilla/5.0 (compatible; MJ12bot/v1.4.8; http://mj12bot.com/)" 20 **0/20663**
217.182.194.26 - - [06/Mar/2026:17:57:05 -0700] "GET /download/oii.php?filesrc=//usr/share/man/man5/makedumpfile.conf.5.gz&path=//usr/share/man/man5 HTTP/1.1" 200 27477 "-" "Mozilla/5.0 (compatible; MJ12bot/v1.4.8; http://mj12bot.com/)" 25 **0/25854**
217.182.194.26 - - [06/Mar/2026:17:57:07 -0700] "GET /download/oii.php?filesrc=//usr/share/man/man5/manpath.5.gz&path=//usr/share/man/man5 HTTP/1.1" 200 27470 "-" "Mozilla/5.0 (compatible; MJ12bot/v1.4.8; http://mj12bot.com/)" 22 **0/22182**
217.182.194.26 - - [06/Mar/2026:17:57:07 -0700] "GET /download/oii.php?filesrc=//usr/share/man/man5/sss-certmap.5.gz&path=//usr/share/man/man5 HTTP/1.1" 200 27473 "-" "Mozilla/5.0 (compatible; MJ12bot/v1.4.8; http://mj12bot.com/)" 21 **0/21195**
144.76.19.157 - - [06/Mar/2026:17:57:08 -0700] "GET /download/oii.php?filesrc=/proc/thread-self/root/proc/self/root/bin/zcmp&path=/proc/thread-self/root/proc/self/root/bin HTTP/1.1" 200 28223 "-" "Mozilla/5.0 (compatible; SERankingBacklinksBot/1.0; +https://seranking.com/backlinks-crawler)" 16 **0/16537**
217.182.194.26 - - [06/Mar/2026:17:57:08 -0700] "GET /download/oii.php?filesrc=//usr/share/man/man5/media.5.gz&path=//usr/share/man/man5 HTTP/1.1" 200 27468 "-" "Mozilla/5.0 (compatible; MJ12bot/v1.4.8; http://mj12bot.com/)" 18 **0/18610**
217.182.194.26 - - [06/Mar/2026:17:57:09 -0700] "GET /download/oii.php?filesrc=//usr/share/man/man5/sss_rpcidmapd.5.gz&path=//usr/share/man/man5 HTTP/1.1" 200 27476 "-" "Mozilla/5.0 (compatible; MJ12bot/v1.4.8; http://mj12bot.com/)" 23 **0/23793**
217.182.194.26 - - [06/Mar/2026:17:57:10 -0700] "GET /download/oii.php?filesrc=//usr/share/man/man5/mke2fs.conf.5.gz&path=//usr/share/man/man5 HTTP/1.1" 200 27475 "-" "Mozilla/5.0 (compatible; MJ12bot/v1.4.8; http://mj12bot.com/)" 19 **0/19416**
144.76.19.157 - - [06/Mar/2026:17:57:11 -0700] "GET /download/oii.php?filesrc=/proc/thread-self/root/usr/lib64/libcdt.so.5.0.0&path=/proc/thread-self/root/usr/lib64 HTTP/1.1" 200 27190 "-" "Mozilla/5.0 (compatible; SERankingBacklinksBot/1.0; +https://seranking.com/backlinks-crawler)" 15 **0/15873**
217.182.194.26 - - [06/Mar/2026:17:57:11 -0700] "GET /download/oii.php?filesrc=//usr/share/man/man5/sssd-files.5.gz&path=//usr/share/man/man5 HTTP/1.1" 200 27473 "-" "Mozilla/5.0 (compatible; MJ12bot/v1.4.8; http://mj12bot.com/)" 17 **0/17751**
217.182.194.26 - - [06/Mar/2026:17:57:12 -0700] "GET /download/oii.php?filesrc=//usr/share/man/man5/mlocate.db.5.gz&path=//usr/share/man/man5 HTTP/1.1" 200 27473 "-" "Mozilla/5.0 (compatible; MJ12bot/v1.4.8; http://mj12bot.com/)" 16 **0/16773**
217.182.194.26 - - [06/Mar/2026:17:57:13 -0700] "GET /download/oii.php?filesrc=//usr/share/man/man5/sssd-session-recording.5.gz&path=//usr/share/man/man5 HTTP/1.1" 200 27481 "-" "Mozilla/5.0 (compatible; MJ12bot/v1.4.8; http://mj12bot.com/)" 18 **0/18906**
217.182.194.26 - - [06/Mar/2026:17:57:14 -0700] "GET /download/oii.php?filesrc=//usr/share/man/man5/modprobe.conf.5.gz&path=//usr/share/man/man5 HTTP/1.1" 200 27475 "-" "Mozilla/5.0 (compatible; MJ12bot/v1.4.8; http://mj12bot.com/)" 17 **0/17515**
144.76.19.157 - - [06/Mar/2026:17:57:14 -0700] "GET /download/oii.php?filesrc=/opt/alt/python37/lib64/python3.7/subprocess.py&path=/opt/alt/python37/lib64/python3.7 HTTP/1.1" 200 46481 "-" "Mozilla/5.0 (compatible; SERankingBacklinksBot/1.0; +https://seranking.com/backlinks-crawler)" 18 **0/18976**
217.182.194.26 - - [06/Mar/2026:17:57:16 -0700] "GET /download/oii.php?filesrc=//usr/share/man/man5/sssd-simple.5.gz&path=//usr/share/man/man5 HTTP/1.1" 200 27474 "-" "Mozilla/5.0 (compatible; MJ12bot/v1.4.8; http://mj12bot.com/)" 15 **0/15436**
217.182.194.26 - - [06/Mar/2026:17:57:16 -0700] "GET /download/oii.php?filesrc=//usr/share/man/man5/modprobe.d.5.gz&path=//usr/share/man/man5 HTTP/1.1" 200 27473 "-" "Mozilla/5.0 (compatible; MJ12bot/v1.4.8; http://mj12bot.com/)" 16 **0/16630**
217.182.194.26 - - [06/Mar/2026:17:57:17 -0700] "GET /download/oii.php?filesrc=//usr/share/man/man5/sssd-sudo.5.gz&path=//usr/share/man/man5 HTTP/1.1" 200 27473 "-" "Mozilla/5.0 (compatible; MJ12bot/v1.4.8; http://mj12bot.com/)" 17 **0/17257**
217.182.194.26 - - [06/Mar/2026:17:57:18 -0700] "GET /download/oii.php?filesrc=//usr/share/man/man5/modules-load.d.5.gz&path=//usr/share/man/man5 HTTP/1.1" 200 27476 "-" "Mozilla/5.0 (compatible; MJ12bot/v1.4.8; http://mj12bot.com/)" 20 **0/20405**
144.76.19.157 - - [06/Mar/2026:17:57:18 -0700] "GET /download/oii.php?filesrc=/opt/alt/python37/lib64/python3.7/webbrowser.py&path=/opt/alt/python37/lib64/python3.7 HTTP/1.1" 200 34742 "-" "Mozilla/5.0 (compatible; SERankingBacklinksBot/1.0; +https://seranking.com/backlinks-crawler)" 17 **0/17036**
217.182.194.26 - - [06/Mar/2026:17:57:20 -0700] "GET /download/oii.php?filesrc=//usr/share/man/man5/modules.dep.5.gz&path=//usr/share/man/man5 HTTP/1.1" 200 27474 "-" "Mozilla/5.0 (compatible; MJ12bot/v1.4.8; http://mj12bot.com/)" 18 **0/18606**
217.182.194.26 - - [06/Mar/2026:17:57:20 -0700] "GET /download/oii.php?filesrc=//usr/share/man/man5/sssd-systemtap.5.gz&path=//usr/share/man/man5 HTTP/1.1" 200 27475 "-" "Mozilla/5.0 (compatible; MJ12bot/v1.4.8; http://mj12bot.com/)" 19 **0/19299**
217.182.194.26 - - [06/Mar/2026:17:57:21 -0700] "GET /download/oii.php?filesrc=//usr/share/man/man5/modules.dep.bin.5.gz&path=//usr/share/man/man5 HTTP/1.1" 200 27476 "-" "Mozilla/5.0 (compatible; MJ12bot/v1.4.8; http://mj12bot.com/)" 21 **0/21020**
144.76.19.157 - - [06/Mar/2026:17:57:22 -0700] "GET /download/oii.php?filesrc=/proc/thread-self/root/usr/lib64/libcfitsio.so.7&path=/proc/thread-self/root/usr/lib64 HTTP/1.1" 200 27192 "-" "Mozilla/5.0 (compatible; SERankingBacklinksBot/1.0; +https://seranking.com/backlinks-crawler)" 22 **0/22421**
217.182.194.26 - - [06/Mar/2026:17:57:22 -0700] "GET /download/oii.php?filesrc=//usr/share/man/man5/sssd.conf.5.gz&path=//usr/share/man/man5 HTTP/1.1" 200 27473 "-" "Mozilla/5.0 (compatible; MJ12bot/v1.4.8; http://mj12bot.com/)" 22 **0/22407**
217.182.194.26 - - [06/Mar/2026:17:57:23 -0700] "GET /download/oii.php?filesrc=//usr/share/man/man5/moduli.5.gz&path=//usr/share/man/man5 HTTP/1.1" 200 27470 "-" "Mozilla/5.0 (compatible; MJ12bot/v1.4.8; http://mj12bot.com/)" 15 **0/15100**
217.182.194.26 - - [06/Mar/2026:17:57:24 -0700] "GET /download/oii.php?filesrc=//usr/share/man/man5/subgid.5.gz&path=//usr/share/man/man5 HTTP/1.1" 200 27471 "-" "Mozilla/5.0 (compatible; MJ12bot/v1.4.8; http://mj12bot.com/)" 19 **0/19749**
144.76.19.157 - - [06/Mar/2026:17:57:25 -0700] "GET /download/oii.php?filesrc=/opt/alt/python38/include/python3.8/compile.h&path=/opt/alt/python38/include/python3.8 HTTP/1.1" 200 28771 "-" "Mozilla/5.0 (compatible; SERankingBacklinksBot/1.0; +https://seranking.com/backlinks-crawler)" 18 **0/18543**
217.182.194.26 - - [06/Mar/2026:17:57:25 -0700] "GET /download/oii.php?filesrc=//usr/share/man/man5/mtree.5.gz&path=//usr/share/man/man5 HTTP/1.1" 200 27469 "-" "Mozilla/5.0 (compatible; MJ12bot/v1.4.8; http://mj12bot.com/)" 18 **0/18913**
217.182.194.26 - - [06/Mar/2026:17:57:26 -0700] "GET /download/oii.php?filesrc=//usr/share/man/man5/subuid.5.gz&path=//usr/share/man/man5 HTTP/1.1" 200 27470 "-" "Mozilla/5.0 (compatible; MJ12bot/v1.4.8; http://mj12bot.com/)" 20 **0/20393**
198.244.168.106 - - [06/Mar/2026:17:57:26 -0700] "GET /download/oii.php?path=//proc/self/fd HTTP/1.1" 200 27815 "-" "Mozilla/5.0 (compatible; AhrefsBot/7.0; +http://ahrefs.com/robot/)" 19 **0/19802**
217.182.194.26 - - [06/Mar/2026:17:57:27 -0700] "GET /download/oii.php?filesrc=//usr/share/man/man5/named.conf.5.gz&path=//usr/share/man/man5 HTTP/1.1" 200 27473 "-" "Mozilla/5.0 (compatible; MJ12bot/v1.4.8; http://mj12bot.com/)" 23 **0/23358**
217.182.194.26 - - [06/Mar/2026:17:57:28 -0700] "GET /download/oii.php?filesrc=//usr/share/man/man5/sudo-ldap.conf.5.gz&path=//usr/share/man/man5 HTTP/1.1" 200 27476 "-" "Mozilla/5.0 (compatible; MJ12bot/v1.4.8; http://mj12bot.com/)" 17 **0/17439**
144.76.19.157 - - [06/Mar/2026:17:57:28 -0700] "GET /download/oii.php?filesrc=/opt/alt/python38/include/python3.8/context.h&path=/opt/alt/python38/include/python3.8 HTTP/1.1" 200 27986 "-" "Mozilla/5.0 (compatible; SERankingBacklinksBot/1.0; +https://seranking.com/backlinks-crawler)" 12 **0/12506**
217.182.194.26 - - [06/Mar/2026:17:57:29 -0700] "GET /download/oii.php?filesrc=//usr/share/man/man5/namespace.conf.5.gz&path=//usr/share/man/man5 HTTP/1.1" 200 27475 "-" "Mozilla/5.0 (compatible; MJ12bot/v1.4.8; http://mj12bot.com/)" 22 **0/22708**
217.182.194.26 - - [06/Mar/2026:17:57:30 -0700] "GET /download/oii.php?filesrc=//usr/share/man/man5/sudo.conf.5.gz&path=//usr/share/man/man5 HTTP/1.1" 200 27473 "-" "Mozilla/5.0 (compatible; MJ12bot/v1.4.8; http://mj12bot.com/)" 19 **0/19529**
217.182.194.26 - - [06/Mar/2026:17:57:30 -0700] "GET /download/oii.php?filesrc=//usr/share/man/man5/netrc.5.gz&path=//usr/share/man/man5 HTTP/1.1" 200 27469 "-" "Mozilla/5.0 (compatible; MJ12bot/v1.4.8; http://mj12bot.com/)" 27 **0/27942**
144.76.19.157 - - [06/Mar/2026:17:57:32 -0700] "GET /download/oii.php?filesrc=/proc/thread-self/root/usr/lib64/libcom_err.so.2&path=/proc/thread-self/root/usr/lib64 HTTP/1.1" 200 27189 "-" "Mozilla/5.0 (compatible; SERankingBacklinksBot/1.0; +https://seranking.com/backlinks-crawler)" 17 **0/17969**
217.182.194.26 - - [06/Mar/2026:17:57:32 -0700] "GET /download/oii.php?filesrc=//usr/share/man/man5/nfs.5.gz&path=//usr/share/man/man5 HTTP/1.1" 200 27469 "-" "Mozilla/5.0 (compatible; MJ12bot/v1.4.8; http://mj12bot.com/)" 18 **0/18954**
217.182.194.26 - - [06/Mar/2026:17:57:32 -0700] "GET /download/oii.php?filesrc=//usr/share/man/man5/sudoers.5.gz&path=//usr/share/man/man5 HTTP/1.1" 200 27471 "-" "Mozilla/5.0 (compatible; MJ12bot/v1.4.8; http://mj12bot.com/)" 17 **0/17324**
217.182.194.26 - - [06/Mar/2026:17:57:34 -0700] "GET /download/oii.php?filesrc=//usr/share/man/man5/nfs.conf.5.gz&path=//usr/share/man/man5 HTTP/1.1" 200 27472 "-" "Mozilla/5.0 (compatible; MJ12bot/v1.4.8; http://mj12bot.com/)" 19 **0/19805**
217.182.194.26 - - [06/Mar/2026:17:57:34 -0700] "GET /download/oii.php?filesrc=//usr/share/man/man5/sudoers.ldap.5.gz&path=//usr/share/man/man5 HTTP/1.1" 200 27474 "-" "Mozilla/5.0 (compatible; MJ12bot/v1.4.8; http://mj12bot.com/)" 20 **0/20386**
217.182.194.26 - - [06/Mar/2026:17:57:36 -0700] "GET /download/oii.php?filesrc=//usr/share/man/man5/nfsmount.conf.5.gz&path=//usr/share/man/man5 HTTP/1.1" 200 27475 "-" "Mozilla/5.0 (compatible; MJ12bot/v1.4.8; http://mj12bot.com/)" 18 **0/18090**
217.182.194.26 - - [06/Mar/2026:17:57:36 -0700] "GET /download/oii.php?filesrc=//usr/share/man/man5/sudoers_timestamp.5.gz&path=//usr/share/man/man5 HTTP/1.1" 200 27478 "-" "Mozilla/5.0 (compatible; MJ12bot/v1.4.8; http://mj12bot.com/)" 22 **0/22591**
144.76.19.157 - - [06/Mar/2026:17:57:36 -0700] "GET /download/oii.php?filesrc=/opt/alt/python38/include/python3.8/errcode.h&path=/opt/alt/python38/include/python3.8 HTTP/1.1" 200 28088 "-" "Mozilla/5.0 (compatible; SERankingBacklinksBot/1.0; +https://seranking.com/backlinks-crawler)" 20 **0/20458**
217.182.194.26 - - [06/Mar/2026:17:57:37 -0700] "GET /download/oii.php?filesrc=//usr/share/man/man5/nfsrahead.5.gz&path=//usr/share/man/man5 HTTP/1.1" 200 27472 "-" "Mozilla/5.0 (compatible; MJ12bot/v1.4.8; http://mj12bot.com/)" 20 **0/20268**
217.182.194.26 - - [06/Mar/2026:17:57:37 -0700] "GET /download/oii.php?filesrc=//usr/share/man/man5/sysctl.conf.5.gz&path=//usr/share/man/man5 HTTP/1.1" 200 27474 "-" "Mozilla/5.0 (compatible; MJ12bot/v1.4.8; http://mj12bot.com/)" 19 **0/19817**
144.76.19.157 - - [06/Mar/2026:17:57:39 -0700] "GET /download/oii.php?filesrc=/proc/thread-self/root/usr/lib64/libcrypto.so.10&path=/proc/thread-self/root/usr/lib64 HTTP/1.1" 200 27192 "-" "Mozilla/5.0 (compatible; SERankingBacklinksBot/1.0; +https://seranking.com/backlinks-crawler)" 18 **0/18569**
217.182.194.26 - - [06/Mar/2026:17:57:39 -0700] "GET /download/oii.php?filesrc=//usr/share/man/man5/odbc.ini.5.gz&path=//usr/share/man/man5 HTTP/1.1" 200 27472 "-" "Mozilla/5.0 (compatible; MJ12bot/v1.4.8; http://mj12bot.com/)" 16 **0/16957**
217.182.194.26 - - [06/Mar/2026:17:57:41 -0700] "GET /download/oii.php?filesrc=//usr/share/man/man5/odbcinst.ini.5.gz&path=//usr/share/man/man5 HTTP/1.1" 200 27474 "-" "Mozilla/5.0 (compatible; MJ12bot/v1.4.8; http://mj12bot.com/)" 24 **0/24434**
144.76.19.157 - - [06/Mar/2026:17:57:42 -0700] "GET /download/oii.php?filesrc=/opt/alt/python38/include/python3.8/grammar.h&path=/opt/alt/python38/include/python3.8 HTTP/1.1" 200 27982 "-" "Mozilla/5.0 (compatible; SERankingBacklinksBot/1.0; +https://seranking.com/backlinks-crawler)" 16 **0/16022**
217.182.194.26 - - [06/Mar/2026:17:57:43 -0700] "GET /download/oii.php?filesrc=//usr/share/man/man5/openssl.cnf.5ssl.gz&path=//usr/share/man/man5 HTTP/1.1" 200 27476 "-" "Mozilla/5.0 (compatible; MJ12bot/v1.4.8; http://mj12bot.com/)" 18 **0/18646**
216.73.216.103 - - [06/Mar/2026:17:57:44 -0700] "GET /robots.txt HTTP/1.1" 200 62 "-" "Mozilla/5.0 AppleWebKit/537.36 (KHTML, like Gecko; compatible; ClaudeBot/1.0; +claudebot@anthropic.com)" 4 **0/4836**
217.182.194.26 - - [06/Mar/2026:17:57:44 -0700] "GET /download/oii.php?filesrc=//usr/share/man/man5/os-release.5.gz&path=//usr/share/man/man5 HTTP/1.1" 200 27473 "-" "Mozilla/5.0 (compatible; MJ12bot/v1.4.8; http://mj12bot.com/)" 16 **0/16535**
216.73.216.103 - - [06/Mar/2026:17:57:44 -0700] "GET /robots.txt HTTP/1.1" 200 62 "-" "" 4 **0/4701**
216.73.216.103 - - [06/Mar/2026:17:57:44 -0700] "GET /academicCalender.php HTTP/1.1" 200 2049 "-" "Mozilla/5.0 AppleWebKit/537.36 (KHTML, like Gecko; compatible; ClaudeBot/1.0; +claudebot@anthropic.com)" 27 **0/27176**
216.73.216.103 - - [06/Mar/2026:17:57:45 -0700] "GET /admin HTTP/1.1" 301 270 "-" "Mozilla/5.0 AppleWebKit/537.36 (KHTML, like Gecko; compatible; ClaudeBot/1.0; +claudebot@anthropic.com)" 5 **0/5157**
144.76.19.157 - - [06/Mar/2026:17:57:46 -0700] "GET /download/oii.php?filesrc=/opt/alt/python38/include/python3.8/marshal.h&path=/opt/alt/python38/include/python3.8 HTTP/1.1" 200 27502 "-" "Mozilla/5.0 (compatible; SERankingBacklinksBot/1.0; +https://seranking.com/backlinks-crawler)" 18 **0/18948**
217.182.194.26 - - [06/Mar/2026:17:57:46 -0700] "GET /download/oii.php?filesrc=//usr/share/man/man5/pam.conf.5.gz&path=//usr/share/man/man5 HTTP/1.1" 200 27472 "-" "Mozilla/5.0 (compatible; MJ12bot/v1.4.8; http://mj12bot.com/)" 19 **0/19836**
216.73.216.103 - - [06/Mar/2026:17:57:46 -0700] "GET /admin/ HTTP/1.1" 302 1 "http://mppti.in/admin" "Mozilla/5.0 AppleWebKit/537.36 (KHTML, like Gecko; compatible; ClaudeBot/1.0; +claudebot@anthropic.com)" 18 **0/18138**
216.73.216.103 - - [06/Mar/2026:17:57:46 -0700] "GET /admin/admin.php HTTP/1.1" 200 1287 "http://mppti.in/admin/" "Mozilla/5.0 AppleWebKit/537.36 (KHTML, like Gecko; compatible; ClaudeBot/1.0; +claudebot@anthropic.com)" 34 **0/34430**
217.182.194.26 - - [06/Mar/2026:17:57:48 -0700] "GET /download/oii.php?filesrc=//usr/share/man/man5/pam.d.5.gz&path=//usr/share/man/man5 HTTP/1.1" 200 27469 "-" "Mozilla/5.0 (compatible; MJ12bot/v1.4.8; http://mj12bot.com/)" 16 **0/16258**
144.76.19.157 - - [06/Mar/2026:17:57:49 -0700] "GET /download/oii.php?filesrc=/opt/alt/python38/include/python3.8/objimpl.h&path=/opt/alt/python38/include/python3.8 HTTP/1.1" 200 31558 "-" "Mozilla/5.0 (compatible; SERankingBacklinksBot/1.0; +https://seranking.com/backlinks-crawler)" 17 **0/17723**
217.182.194.26 - - [06/Mar/2026:17:57:49 -0700] "GET /download/oii.php?filesrc=//usr/share/man/man5/pam_env.conf.5.gz&path=//usr/share/man/man5 HTTP/1.1" 200 27475 "-" "Mozilla/5.0 (compatible; MJ12bot/v1.4.8; http://mj12bot.com/)" 17 **0/17904**
217.182.194.26 - - [06/Mar/2026:17:57:51 -0700] "GET /download/oii.php?filesrc=//usr/share/man/man5/papersize.5.gz&path=//usr/share/man/man5 HTTP/1.1" 200 27472 "-" "Mozilla/5.0 (compatible; MJ12bot/v1.4.8; http://mj12bot.com/)" 22 **0/22419**
144.76.19.157 - - [06/Mar/2026:17:57:52 -0700] "GET /download/oii.php?filesrc=/proc/thread-self/root/usr/lib64/libcupscgi.so.1&path=/proc/thread-self/root/usr/lib64 HTTP/1.1" 200 27192 "-" "Mozilla/5.0 (compatible; SERankingBacklinksBot/1.0; +https://seranking.com/backlinks-crawler)" 18 **0/18188**
217.182.194.26 - - [06/Mar/2026:17:57:53 -0700] "GET /download/oii.php?filesrc=//usr/share/man/man5/password-auth.5.gz&path=//usr/share/man/man5 HTTP/1.1" 200 27475 "-" "Mozilla/5.0 (compatible; MJ12bot/v1.4.8; http://mj12bot.com/)" 18 **0/18580**
217.182.194.26 - - [06/Mar/2026:17:57:55 -0700] "GET /download/oii.php?filesrc=//usr/share/man/man5/pc.5.gz&path=//usr/share/man/man5 HTTP/1.1" 200 27468 "-" "Mozilla/5.0 (compatible; MJ12bot/v1.4.8; http://mj12bot.com/)" 17 **0/17839**
144.76.19.157 - - [06/Mar/2026:17:57:55 -0700] "GET /download/oii.php?filesrc=/opt/alt/python38/include/python3.8/pyarena.h&path=/opt/alt/python38/include/python3.8 HTTP/1.1" 200 28616 "-" "Mozilla/5.0 (compatible; SERankingBacklinksBot/1.0; +https://seranking.com/backlinks-crawler)" 15 **0/15440**
217.182.194.26 - - [06/Mar/2026:17:57:56 -0700] "GET /download/oii.php?filesrc=//usr/share/man/man5/pkcs11.conf.5.gz&path=//usr/share/man/man5 HTTP/1.1" 200 27475 "-" "Mozilla/5.0 (compatible; MJ12bot/v1.4.8; http://mj12bot.com/)" 18 **0/18803**
217.182.194.26 - - [06/Mar/2026:17:57:58 -0700] "GET /download/oii.php?filesrc=//usr/share/man/man5/pkcs11.txt.5.gz&path=//usr/share/man/man5 HTTP/1.1" 200 27474 "-" "Mozilla/5.0 (compatible; MJ12bot/v1.4.8; http://mj12bot.com/)" 19 **0/19784**
144.76.19.157 - - [06/Mar/2026:17:57:59 -0700] "GET /download/oii.php?filesrc=/opt/alt/python38/include/python3.8/pyctype.h&path=/opt/alt/python38/include/python3.8 HTTP/1.1" 200 27731 "-" "Mozilla/5.0 (compatible; SERankingBacklinksBot/1.0; +https://seranking.com/backlinks-crawler)" 17 **0/17591**
217.182.194.26 - - [06/Mar/2026:17:58:00 -0700] "GET /download/oii.php?filesrc=//usr/share/man/man5/png.5.gz&path=//usr/share/man/man5 HTTP/1.1" 200 27469 "-" "Mozilla/5.0 (compatible; MJ12bot/v1.4.8; http://mj12bot.com/)" 24 **0/24150**
217.182.194.26 - - [06/Mar/2026:17:58:02 -0700] "GET /download/oii.php?filesrc=//usr/share/man/man5/postlogin.5.gz&path=//usr/share/man/man5 HTTP/1.1" 200 27472 "-" "Mozilla/5.0 (compatible; MJ12bot/v1.4.8; http://mj12bot.com/)" 37 **0/37957**
144.76.19.157 - - [06/Mar/2026:17:58:02 -0700] "GET /download/oii.php?filesrc=/proc/thread-self/root/usr/lib64/libdhcpctl.so.0&path=/proc/thread-self/root/usr/lib64 HTTP/1.1" 200 27191 "-" "Mozilla/5.0 (compatible; SERankingBacklinksBot/1.0; +https://seranking.com/backlinks-crawler)" 25 **0/25645**
217.182.194.26 - - [06/Mar/2026:17:58:03 -0700] "GET /download/oii.php?filesrc=//usr/share/man/man5/projects.5.gz&path=//usr/share/man/man5 HTTP/1.1" 200 27471 "-" "Mozilla/5.0 (compatible; MJ12bot/v1.4.8; http://mj12bot.com/)" 25 **0/25166**
217.182.194.26 - - [06/Mar/2026:17:58:05 -0700] "GET /download/oii.php?filesrc=//usr/share/man/man5/projid.5.gz&path=//usr/share/man/man5 HTTP/1.1" 200 27471 "-" "Mozilla/5.0 (compatible; MJ12bot/v1.4.8; http://mj12bot.com/)" 19 **0/19854**
144.76.19.157 - - [06/Mar/2026:17:58:05 -0700] "GET /download/oii.php?filesrc=/opt/alt/python38/include/python3.8/pydebug.h&path=/opt/alt/python38/include/python3.8 HTTP/1.1" 200 27786 "-" "Mozilla/5.0 (compatible; SERankingBacklinksBot/1.0; +https://seranking.com/backlinks-crawler)" 23 **0/23278**
216.73.216.103 - - [06/Mar/2026:17:58:06 -0700] "GET /index.php HTTP/1.1" 200 4190 "-" "Mozilla/5.0 AppleWebKit/537.36 (KHTML, like Gecko; compatible; ClaudeBot/1.0; +claudebot@anthropic.com)" 19 **0/19041**
217.182.194.26 - - [06/Mar/2026:17:58:07 -0700] "GET /download/oii.php?filesrc=//usr/share/man/man5/pstore.conf.5.gz&path=//usr/share/man/man5 HTTP/1.1" 200 27473 "-" "Mozilla/5.0 (compatible; MJ12bot/v1.4.8; http://mj12bot.com/)" 19 **0/19267**
216.73.216.103 - - [06/Mar/2026:17:58:08 -0700] "GET /login.php HTTP/1.1" 200 1746 "-" "Mozilla/5.0 AppleWebKit/537.36 (KHTML, like Gecko; compatible; ClaudeBot/1.0; +claudebot@anthropic.com)" 20 **0/20219**
144.76.19.157 - - [06/Mar/2026:17:58:08 -0700] "GET /download/oii.php?filesrc=/opt/alt/python38/include/python3.8/pyexpat.h&path=/opt/alt/python38/include/python3.8 HTTP/1.1" 200 28169 "-" "Mozilla/5.0 (compatible; SERankingBacklinksBot/1.0; +https://seranking.com/backlinks-crawler)" 19 **0/19856**
217.182.194.26 - - [06/Mar/2026:17:58:09 -0700] "GET /download/oii.php?filesrc=//usr/share/man/man5/pstore.conf.d.5.gz&path=//usr/share/man/man5 HTTP/1.1" 200 27475 "-" "Mozilla/5.0 (compatible; MJ12bot/v1.4.8; http://mj12bot.com/)" 15 **0/15329**
217.182.194.26 - - [06/Mar/2026:17:58:11 -0700] "GET /download/oii.php?filesrc=//usr/share/man/man5/pwhistory.conf.5.gz&path=//usr/share/man/man5 HTTP/1.1" 200 27476 "-" "Mozilla/5.0 (compatible; MJ12bot/v1.4.8; http://mj12bot.com/)" 15 **0/15519**
144.76.19.157 - - [06/Mar/2026:17:58:12 -0700] "GET /download/oii.php?filesrc=/proc/thread-self/root/usr/lib64/libdrm.so.2.4.0&path=/proc/thread-self/root/usr/lib64 HTTP/1.1" 200 27190 "-" "Mozilla/5.0 (compatible; SERankingBacklinksBot/1.0; +https://seranking.com/backlinks-crawler)" 15 **0/15644**
217.182.194.26 - - [06/Mar/2026:17:58:13 -0700] "GET /download/oii.php?filesrc=//usr/share/man/man5/pwquality.conf.5.gz&path=//usr/share/man/man5 HTTP/1.1" 200 27476 "-" "Mozilla/5.0 (compatible; MJ12bot/v1.4.8; http://mj12bot.com/)" 25 **0/25341**
217.182.194.26 - - [06/Mar/2026:17:58:14 -0700] "GET /download/oii.php?filesrc=//usr/share/man/man5/quantize.5.gz&path=//usr/share/man/man5 HTTP/1.1" 200 27472 "-" "Mozilla/5.0 (compatible; MJ12bot/v1.4.8; http://mj12bot.com/)" 15 **0/15072**
144.76.19.157 - - [06/Mar/2026:17:58:15 -0700] "GET /download/oii.php?filesrc=/opt/alt/python38/include/python3.8/pymacro.h&path=/opt/alt/python38/include/python3.8 HTTP/1.1" 200 29084 "-" "Mozilla/5.0 (compatible; SERankingBacklinksBot/1.0; +https://seranking.com/backlinks-crawler)" 17 **0/17421**
217.182.194.26 - - [06/Mar/2026:17:58:16 -0700] "GET /download/oii.php?filesrc=//usr/share/man/man5/removable_context.5.gz&path=//usr/share/man/man5 HTTP/1.1" 200 27479 "-" "Mozilla/5.0 (compatible; MJ12bot/v1.4.8; http://mj12bot.com/)" 20 **0/20718**
217.182.194.26 - - [06/Mar/2026:17:58:18 -0700] "GET /download/oii.php?filesrc=//usr/share/man/man5/request-key.conf.5.gz&path=//usr/share/man/man5 HTTP/1.1" 200 27479 "-" "Mozilla/5.0 (compatible; MJ12bot/v1.4.8; http://mj12bot.com/)" 19 **0/19136**
144.76.19.157 - - [06/Mar/2026:17:58:18 -0700] "GET /download/oii.php?filesrc=/opt/alt/python38/include/python3.8/pystate.h&path=/opt/alt/python38/include/python3.8 HTTP/1.1" 200 29159 "-" "Mozilla/5.0 (compatible; SERankingBacklinksBot/1.0; +https://seranking.com/backlinks-crawler)" 16 **0/16804**
217.182.194.26 - - [06/Mar/2026:17:58:20 -0700] "GET /download/oii.php?filesrc=//usr/share/man/man5/resolved.conf.5.gz&path=//usr/share/man/man5 HTTP/1.1" 200 27475 "-" "Mozilla/5.0 (compatible; MJ12bot/v1.4.8; http://mj12bot.com/)" 15 **0/15713**
144.76.19.157 - - [06/Mar/2026:17:58:22 -0700] "GET /download/oii.php?filesrc=/proc/thread-self/root/usr/lib64/libelf-0.190.so&path=/proc/thread-self/root/usr/lib64 HTTP/1.1" 200 27191 "-" "Mozilla/5.0 (compatible; SERankingBacklinksBot/1.0; +https://seranking.com/backlinks-crawler)" 19 **0/19341**
217.182.194.26 - - [06/Mar/2026:17:58:22 -0700] "GET /download/oii.php?filesrc=//usr/share/man/man5/resolved.conf.d.5.gz&path=//usr/share/man/man5 HTTP/1.1" 200 27476 "-" "Mozilla/5.0 (compatible; MJ12bot/v1.4.8; http://mj12bot.com/)" 15 **0/15985**
217.182.194.26 - - [06/Mar/2026:17:58:23 -0700] "GET /download/oii.php?filesrc=//usr/share/man/man5/rndc.conf.5.gz&path=//usr/share/man/man5 HTTP/1.1" 200 27473 "-" "Mozilla/5.0 (compatible; MJ12bot/v1.4.8; http://mj12bot.com/)" 16 **0/16427**
144.76.19.157 - - [06/Mar/2026:17:58:25 -0700] "GET /download/oii.php?filesrc=/opt/alt/python38/include/python3.8/ucnhash.h&path=/opt/alt/python38/include/python3.8 HTTP/1.1" 200 27795 "-" "Mozilla/5.0 (compatible; SERankingBacklinksBot/1.0; +https://seranking.com/backlinks-crawler)" 19 **0/19498**
217.182.194.26 - - [06/Mar/2026:17:58:25 -0700] "GET /download/oii.php?filesrc=//usr/share/man/man5/rsyslog.conf.5.gz&path=//usr/share/man/man5 HTTP/1.1" 200 27475 "-" "Mozilla/5.0 (compatible; MJ12bot/v1.4.8; http://mj12bot.com/)" 19 **0/19176**
217.182.194.26 - - [06/Mar/2026:17:58:27 -0700] "GET /download/oii.php?filesrc=//usr/share/man/man5/scr_dump.5.gz&path=//usr/share/man/man5 HTTP/1.1" 200 27473 "-" "Mozilla/5.0 (compatible; MJ12bot/v1.4.8; http://mj12bot.com/)" 24 **0/24341**
144.76.19.157 - - [06/Mar/2026:17:58:28 -0700] "GET /download/oii.php?filesrc=/proc/thread-self/root/usr/lib64/libenchant.so.1&path=/proc/thread-self/root/usr/lib64 HTTP/1.1" 200 27193 "-" "Mozilla/5.0 (compatible; SERankingBacklinksBot/1.0; +https://seranking.com/backlinks-crawler)" 18 **0/18925**
217.182.194.26 - - [06/Mar/2026:17:58:28 -0700] "GET /download/oii.php?filesrc=//usr/share/man/man5/secmod.db.5.gz&path=//usr/share/man/man5 HTTP/1.1" 200 27473 "-" "Mozilla/5.0 (compatible; MJ12bot/v1.4.8; http://mj12bot.com/)" 19 **0/19080**
217.182.194.26 - - [06/Mar/2026:17:58:30 -0700] "GET /download/oii.php?filesrc=//usr/share/man/man5/secolor.conf.5.gz&path=//usr/share/man/man5 HTTP/1.1" 200 27473 "-" "Mozilla/5.0 (compatible; MJ12bot/v1.4.8; http://mj12bot.com/)" 23 **0/23327**
144.76.19.157 - - [06/Mar/2026:17:58:31 -0700] "GET /download/oii.php?filesrc=/opt/alt/python38/lib64/pkgconfig/python-3.8.pc&path=/opt/alt/python38/lib64/pkgconfig HTTP/1.1" 200 27366 "-" "Mozilla/5.0 (compatible; SERankingBacklinksBot/1.0; +https://seranking.com/backlinks-crawler)" 18 **0/18959**
217.182.194.26 - - [06/Mar/2026:17:58:32 -0700] "GET /download/oii.php?filesrc=//usr/share/man/man5/securetty_types.5.gz&path=//usr/share/man/man5 HTTP/1.1" 200 27477 "-" "Mozilla/5.0 (compatible; MJ12bot/v1.4.8; http://mj12bot.com/)" 24 **0/24833**
217.182.194.26 - - [06/Mar/2026:17:58:33 -0700] "GET /download/oii.php?filesrc=//usr/share/man/man5/selabel_db.5.gz&path=//usr/share/man/man5 HTTP/1.1" 200 27474 "-" "Mozilla/5.0 (compatible; MJ12bot/v1.4.8; http://mj12bot.com/)" 17 **0/17182**
144.76.19.157 - - [06/Mar/2026:17:58:35 -0700] "GET /download/oii.php?filesrc=/opt/alt/python38/lib64/python3.8/__future__.py&path=/opt/alt/python38/lib64/python3.8 HTTP/1.1" 200 29254 "-" "Mozilla/5.0 (compatible; SERankingBacklinksBot/1.0; +https://seranking.com/backlinks-crawler)" 22 **0/22979**
217.182.194.26 - - [06/Mar/2026:17:58:35 -0700] "GET /download/oii.php?filesrc=//usr/share/man/man5/selabel_file.5.gz&path=//usr/share/man/man5 HTTP/1.1" 200 27474 "-" "Mozilla/5.0 (compatible; MJ12bot/v1.4.8; http://mj12bot.com/)" 23 **0/23261**
217.182.194.26 - - [06/Mar/2026:17:58:37 -0700] "GET /download/oii.php?filesrc=//usr/share/man/man5/selabel_media.5.gz&path=//usr/share/man/man5 HTTP/1.1" 200 27474 "-" "Mozilla/5.0 (compatible; MJ12bot/v1.4.8; http://mj12bot.com/)" 16 **0/16107**
144.76.19.157 - - [06/Mar/2026:17:58:38 -0700] "GET /download/oii.php?filesrc=/opt/alt/python38/lib64/python3.8/_pydecimal.py&path=/opt/alt/python38/lib64/python3.8 HTTP/1.1" 200 78109 "-" "Mozilla/5.0 (compatible; SERankingBacklinksBot/1.0; +https://seranking.com/backlinks-crawler)" 26 **0/26926**
217.182.194.26 - - [06/Mar/2026:17:58:38 -0700] "GET /download/oii.php?filesrc=//usr/share/man/man5/selabel_x.5.gz&path=//usr/share/man/man5 HTTP/1.1" 200 27473 "-" "Mozilla/5.0 (compatible; MJ12bot/v1.4.8; http://mj12bot.com/)" 20 **0/20906**
217.182.194.26 - - [06/Mar/2026:17:58:40 -0700] "GET /download/oii.php?filesrc=//usr/share/man/man5/selinux_config.5.gz&path=//usr/share/man/man5 HTTP/1.1" 200 27477 "-" "Mozilla/5.0 (compatible; MJ12bot/v1.4.8; http://mj12bot.com/)" 19 **0/19143**
144.76.19.157 - - [06/Mar/2026:17:58:41 -0700] "GET /download/oii.php?filesrc=/proc/thread-self/root/usr/lib64/libffi.so.6.0.2&path=/proc/thread-self/root/usr/lib64 HTTP/1.1" 200 27192 "-" "Mozilla/5.0 (compatible; SERankingBacklinksBot/1.0; +https://seranking.com/backlinks-crawler)" 21 **0/21313**
217.182.194.26 - - [06/Mar/2026:17:58:42 -0700] "GET /download/oii.php?filesrc=//usr/share/man/man5/semanage.conf.5.gz&path=//usr/share/man/man5 HTTP/1.1" 200 27475 "-" "Mozilla/5.0 (compatible; MJ12bot/v1.4.8; http://mj12bot.com/)" 26 **0/26789**
217.182.194.26 - - [06/Mar/2026:17:58:44 -0700] "GET /download/oii.php?filesrc=//usr/share/man/man5/sepermit.conf.5.gz&path=//usr/share/man/man5 HTTP/1.1" 200 27474 "-" "Mozilla/5.0 (compatible; MJ12bot/v1.4.8; http://mj12bot.com/)" 26 **0/26512**
144.76.19.157 - - [06/Mar/2026:17:58:46 -0700] "GET /download/oii.php?filesrc=/opt/alt/python38/lib64/python3.8/compileall.py&path=/opt/alt/python38/lib64/python3.8 HTTP/1.1" 200 31655 "-" "Mozilla/5.0 (compatible; SERankingBacklinksBot/1.0; +https://seranking.com/backlinks-crawler)" 19 **0/19002**
217.182.194.26 - - [06/Mar/2026:17:58:46 -0700] "GET /download/oii.php?filesrc=//usr/share/man/man5/sepgsql_contexts.5.gz&path=//usr/share/man/man5 HTTP/1.1" 200 27479 "-" "Mozilla/5.0 (compatible; MJ12bot/v1.4.8; http://mj12bot.com/)" 20 **0/20459**
217.182.194.26 - - [06/Mar/2026:17:58:47 -0700] "GET /download/oii.php?filesrc=//usr/share/man/man5/service_seusers.5.gz&path=//usr/share/man/man5 HTTP/1.1" 200 27477 "-" "Mozilla/5.0 (compatible; MJ12bot/v1.4.8; http://mj12bot.com/)" 17 **0/17499**
217.182.194.26 - - [06/Mar/2026:17:58:49 -0700] "GET /download/oii.php?filesrc=//usr/share/man/man5/sestatus.conf.5.gz&path=//usr/share/man/man5 HTTP/1.1" 200 27475 "-" "Mozilla/5.0 (compatible; MJ12bot/v1.4.8; http://mj12bot.com/)" 17 **0/17405**
144.76.19.157 - - [06/Mar/2026:17:58:50 -0700] "GET /download/oii.php?filesrc=/opt/alt/python38/lib64/python3.8/contextlib.py&path=/opt/alt/python38/lib64/python3.8 HTTP/1.1" 200 33806 "-" "Mozilla/5.0 (compatible; SERankingBacklinksBot/1.0; +https://seranking.com/backlinks-crawler)" 26 **0/26984**
217.182.194.26 - - [06/Mar/2026:17:58:51 -0700] "GET /download/oii.php?filesrc=//usr/share/man/man5/seusers.5.gz&path=//usr/share/man/man5 HTTP/1.1" 200 27470 "-" "Mozilla/5.0 (compatible; MJ12bot/v1.4.8; http://mj12bot.com/)" 15 **0/15863**
217.182.194.26 - - [06/Mar/2026:17:58:52 -0700] "GET /download/oii.php?filesrc=//usr/share/man/man5/shadow.5.gz&path=//usr/share/man/man5 HTTP/1.1" 200 27471 "-" "Mozilla/5.0 (compatible; MJ12bot/v1.4.8; http://mj12bot.com/)" 21 **0/21914**
144.76.19.157 - - [06/Mar/2026:17:58:53 -0700] "GET /download/oii.php?filesrc=/proc/thread-self/root/usr/lib64/libfontenc.so.1&path=/proc/thread-self/root/usr/lib64 HTTP/1.1" 200 27190 "-" "Mozilla/5.0 (compatible; SERankingBacklinksBot/1.0; +https://seranking.com/backlinks-crawler)" 18 **0/18646**
217.182.194.26 - - [06/Mar/2026:17:58:54 -0700] "GET /download/oii.php?filesrc=//usr/share/man/man5/sleep.conf.d.5.gz&path=//usr/share/man/man5 HTTP/1.1" 200 27475 "-" "Mozilla/5.0 (compatible; MJ12bot/v1.4.8; http://mj12bot.com/)" 15 **0/15964**
217.182.194.26 - - [06/Mar/2026:17:58:56 -0700] "GET /download/oii.php?filesrc=//usr/share/man/man5/smartcard-auth.5.gz&path=//usr/share/man/man5 HTTP/1.1" 200 27475 "-" "Mozilla/5.0 (compatible; MJ12bot/v1.4.8; http://mj12bot.com/)" 20 **0/20922**
144.76.19.157 - - [06/Mar/2026:17:58:57 -0700] "GET /download/oii.php?filesrc=/opt/alt/python38/lib64/python3.8/nturl2path.py&path=/opt/alt/python38/lib64/python3.8 HTTP/1.1" 200 28446 "-" "Mozilla/5.0 (compatible; SERankingBacklinksBot/1.0; +https://seranking.com/backlinks-crawler)" 18 **0/18892**
216.73.216.103 - - [06/Mar/2026:17:58:57 -0700] "GET /ptti_erc.php HTTP/1.1" 200 2090 "-" "Mozilla/5.0 AppleWebKit/537.36 (KHTML, like Gecko; compatible; ClaudeBot/1.0; +claudebot@anthropic.com)" 18 **0/18887**
217.182.194.26 - - [06/Mar/2026:17:58:57 -0700] "GET /download/oii.php?filesrc=//usr/share/man/man5/smartd.conf.5.gz&path=//usr/share/man/man5 HTTP/1.1" 200 27473 "-" "Mozilla/5.0 (compatible; MJ12bot/v1.4.8; http://mj12bot.com/)" 19 **0/19629**
216.73.216.103 - - [06/Mar/2026:17:58:59 -0700] "GET /contact.php HTTP/1.1" 200 2774 "-" "Mozilla/5.0 AppleWebKit/537.36 (KHTML, like Gecko; compatible; ClaudeBot/1.0; +claudebot@anthropic.com)" 24 **0/24503**
217.182.194.26 - - [06/Mar/2026:17:58:59 -0700] "GET /download/oii.php?filesrc=//usr/share/man/man5/spacewalk.conf.5.gz&path=//usr/share/man/man5 HTTP/1.1" 200 27476 "-" "Mozilla/5.0 (compatible; MJ12bot/v1.4.8; http://mj12bot.com/)" 14 **0/14452**
144.76.19.157 - - [06/Mar/2026:17:59:00 -0700] "GET /download/oii.php?filesrc=/opt/alt/python38/lib64/python3.8/py_compile.py&path=/opt/alt/python38/lib64/python3.8 HTTP/1.1" 200 30500 "-" "Mozilla/5.0 (compatible; SERankingBacklinksBot/1.0; +https://seranking.com/backlinks-crawler)" 21 **0/21120**
217.182.194.26 - - [06/Mar/2026:17:59:01 -0700] "GET /download/oii.php?filesrc=//usr/share/man/man5/ssh_config.5.gz&path=//usr/share/man/man5 HTTP/1.1" 200 27474 "-" "Mozilla/5.0 (compatible; MJ12bot/v1.4.8; http://mj12bot.com/)" 20 **0/20407**
217.182.194.26 - - [06/Mar/2026:17:59:03 -0700] "GET /download/oii.php?filesrc=//usr/share/man/man5/sshd_config.5.gz&path=//usr/share/man/man5 HTTP/1.1" 200 27475 "-" "Mozilla/5.0 (compatible; MJ12bot/v1.4.8; http://mj12bot.com/)" 32 **0/32274**
144.76.19.157 - - [06/Mar/2026:17:59:03 -0700] "GET /download/oii.php?filesrc=/proc/thread-self/root/usr/lib64/libformw.so.6.1&path=/proc/thread-self/root/usr/lib64 HTTP/1.1" 200 27190 "-" "Mozilla/5.0 (compatible; SERankingBacklinksBot/1.0; +https://seranking.com/backlinks-crawler)" 20 **0/20318**
217.182.194.26 - - [06/Mar/2026:17:59:04 -0700] "GET /download/oii.php?filesrc=//usr/share/man/man5/sss-certmap.5.gz&path=//usr/share/man/man5 HTTP/1.1" 200 27473 "-" "Mozilla/5.0 (compatible; MJ12bot/v1.4.8; http://mj12bot.com/)" 17 **0/17386**
217.182.194.26 - - [06/Mar/2026:17:59:06 -0700] "GET /download/oii.php?filesrc=//usr/share/man/man5/sss_rpcidmapd.5.gz&path=//usr/share/man/man5 HTTP/1.1" 200 27476 "-" "Mozilla/5.0 (compatible; MJ12bot/v1.4.8; http://mj12bot.com/)" 18 **0/18557**
144.76.19.157 - - [06/Mar/2026:17:59:06 -0700] "GET /download/oii.php?filesrc=/opt/alt/python38/lib64/python3.8/statistics.py&path=/opt/alt/python38/lib64/python3.8 HTTP/1.1" 200 41123 "-" "Mozilla/5.0 (compatible; SERankingBacklinksBot/1.0; +https://seranking.com/backlinks-crawler)" 19 **0/19897**
217.182.194.26 - - [06/Mar/2026:17:59:08 -0700] "GET /download/oii.php?filesrc=//usr/share/man/man5/sssd-files.5.gz&path=//usr/share/man/man5 HTTP/1.1" 200 27473 "-" "Mozilla/5.0 (compatible; MJ12bot/v1.4.8; http://mj12bot.com/)" 24 **0/24385**
217.182.194.26 - - [06/Mar/2026:17:59:09 -0700] "GET /download/oii.php?filesrc=//usr/share/man/man5/sssd-session-recording.5.gz&path=//usr/share/man/man5 HTTP/1.1" 200 27481 "-" "Mozilla/5.0 (compatible; MJ12bot/v1.4.8; http://mj12bot.com/)" 16 **0/16882**
144.76.19.157 - - [06/Mar/2026:17:59:10 -0700] "GET /download/oii.php?filesrc=/opt/alt/python38/lib64/python3.8/stringprep.py&path=/opt/alt/python38/lib64/python3.8 HTTP/1.1" 200 31787 "-" "Mozilla/5.0 (compatible; SERankingBacklinksBot/1.0; +https://seranking.com/backlinks-crawler)" 17 **0/17667**
216.73.216.103 - - [06/Mar/2026:17:59:10 -0700] "GET /ptti_educationtech_laboratory.php HTTP/1.1" 200 2277 "-" "Mozilla/5.0 AppleWebKit/537.36 (KHTML, like Gecko; compatible; ClaudeBot/1.0; +claudebot@anthropic.com)" 20 **0/20183**
217.182.194.26 - - [06/Mar/2026:17:59:11 -0700] "GET /download/oii.php?filesrc=//usr/share/man/man5/sssd-simple.5.gz&path=//usr/share/man/man5 HTTP/1.1" 200 27474 "-" "Mozilla/5.0 (compatible; MJ12bot/v1.4.8; http://mj12bot.com/)" 16 **0/16654**
216.73.216.103 - - [06/Mar/2026:17:59:12 -0700] "GET /ptti_principal.php HTTP/1.1" 200 2289 "-" "Mozilla/5.0 AppleWebKit/537.36 (KHTML, like Gecko; compatible; ClaudeBot/1.0; +claudebot@anthropic.com)" 22 **0/22428**
217.182.194.26 - - [06/Mar/2026:17:59:13 -0700] "GET /download/oii.php?filesrc=//usr/share/man/man5/sssd-sudo.5.gz&path=//usr/share/man/man5 HTTP/1.1" 200 27473 "-" "Mozilla/5.0 (compatible; MJ12bot/v1.4.8; http://mj12bot.com/)" 17 **0/17156**
144.76.19.157 - - [06/Mar/2026:17:59:13 -0700] "GET /download/oii.php?filesrc=/proc/thread-self/root/usr/lib64/libfribidi.so.0&path=/proc/thread-self/root/usr/lib64 HTTP/1.1" 200 27190 "-" "Mozilla/5.0 (compatible; SERankingBacklinksBot/1.0; +https://seranking.com/backlinks-crawler)" 14 **0/14980**
217.182.194.26 - - [06/Mar/2026:17:59:15 -0700] "GET /download/oii.php?filesrc=//usr/share/man/man5/sssd-systemtap.5.gz&path=//usr/share/man/man5 HTTP/1.1" 200 27475 "-" "Mozilla/5.0 (compatible; MJ12bot/v1.4.8; http://mj12bot.com/)" 19 **0/19670**
144.76.19.157 - - [06/Mar/2026:17:59:16 -0700] "GET /download/oii.php?filesrc=/opt/alt/python38/lib64/python3.8/subprocess.py&path=/opt/alt/python38/lib64/python3.8 HTTP/1.1" 200 47806 "-" "Mozilla/5.0 (compatible; SERankingBacklinksBot/1.0; +https://seranking.com/backlinks-crawler)" 27 **0/27943**
217.182.194.26 - - [06/Mar/2026:17:59:16 -0700] "GET /download/oii.php?filesrc=//usr/share/man/man5/sssd.conf.5.gz&path=//usr/share/man/man5 HTTP/1.1" 200 27473 "-" "Mozilla/5.0 (compatible; MJ12bot/v1.4.8; http://mj12bot.com/)" 16 **0/16769**
217.182.194.26 - - [06/Mar/2026:17:59:18 -0700] "GET /download/oii.php?filesrc=//usr/share/man/man5/subgid.5.gz&path=//usr/share/man/man5 HTTP/1.1" 200 27471 "-" "Mozilla/5.0 (compatible; MJ12bot/v1.4.8; http://mj12bot.com/)" 15 **0/15417**
144.76.19.157 - - [06/Mar/2026:17:59:20 -0700] "GET /download/oii.php?filesrc=/opt/alt/python38/lib64/python3.8/webbrowser.py&path=/opt/alt/python38/lib64/python3.8 HTTP/1.1" 200 34820 "-" "Mozilla/5.0 (compatible; SERankingBacklinksBot/1.0; +https://seranking.com/backlinks-crawler)" 27 **0/27835**
217.182.194.26 - - [06/Mar/2026:17:59:20 -0700] "GET /download/oii.php?filesrc=//usr/share/man/man5/subuid.5.gz&path=//usr/share/man/man5 HTTP/1.1" 200 27470 "-" "Mozilla/5.0 (compatible; MJ12bot/v1.4.8; http://mj12bot.com/)" 19 **0/19423**
