217.182.194.26 - - [06/Mar/2026:17:59:22 -0700] "GET /download/oii.php?filesrc=//usr/share/man/man5/sudo-ldap.conf.5.gz&path=//usr/share/man/man5 HTTP/1.1" 200 27476 "-" "Mozilla/5.0 (compatible; MJ12bot/v1.4.8; http://mj12bot.com/)" 21 **0/21193**
144.76.19.157 - - [06/Mar/2026:17:59:23 -0700] "GET /download/oii.php?filesrc=/proc/thread-self/root/usr/lib64/libgcrypt.so.20&path=/proc/thread-self/root/usr/lib64 HTTP/1.1" 200 27192 "-" "Mozilla/5.0 (compatible; SERankingBacklinksBot/1.0; +https://seranking.com/backlinks-crawler)" 22 **0/22379**
217.182.194.26 - - [06/Mar/2026:17:59:23 -0700] "GET /download/oii.php?filesrc=//usr/share/man/man5/sudo.conf.5.gz&path=//usr/share/man/man5 HTTP/1.1" 200 27473 "-" "Mozilla/5.0 (compatible; MJ12bot/v1.4.8; http://mj12bot.com/)" 19 **0/19276**
217.182.194.26 - - [06/Mar/2026:17:59:25 -0700] "GET /download/oii.php?filesrc=//usr/share/man/man5/sudoers.5.gz&path=//usr/share/man/man5 HTTP/1.1" 200 27471 "-" "Mozilla/5.0 (compatible; MJ12bot/v1.4.8; http://mj12bot.com/)" 20 **0/20163**
144.76.19.157 - - [06/Mar/2026:17:59:26 -0700] "GET /download/oii.php?filesrc=/opt/alt/python39/include/python3.9/compile.h&path=/opt/alt/python39/include/python3.9 HTTP/1.1" 200 28854 "-" "Mozilla/5.0 (compatible; SERankingBacklinksBot/1.0; +https://seranking.com/backlinks-crawler)" 15 **0/15576**
216.73.216.103 - - [06/Mar/2026:17:59:26 -0700] "GET /ptti_members.php HTTP/1.1" 200 2731 "-" "Mozilla/5.0 AppleWebKit/537.36 (KHTML, like Gecko; compatible; ClaudeBot/1.0; +claudebot@anthropic.com)" 14 **0/14548**
217.182.194.26 - - [06/Mar/2026:17:59:27 -0700] "GET /download/oii.php?filesrc=//usr/share/man/man5/sudoers.ldap.5.gz&path=//usr/share/man/man5 HTTP/1.1" 200 27474 "-" "Mozilla/5.0 (compatible; MJ12bot/v1.4.8; http://mj12bot.com/)" 15 **0/15121**
216.73.216.103 - - [06/Mar/2026:17:59:28 -0700] "GET /ptti_science_laboratory.php HTTP/1.1" 200 2429 "-" "Mozilla/5.0 AppleWebKit/537.36 (KHTML, like Gecko; compatible; ClaudeBot/1.0; +claudebot@anthropic.com)" 21 **0/21040**
217.182.194.26 - - [06/Mar/2026:17:59:28 -0700] "GET /download/oii.php?filesrc=//usr/share/man/man5/sudoers_timestamp.5.gz&path=//usr/share/man/man5 HTTP/1.1" 200 27478 "-" "Mozilla/5.0 (compatible; MJ12bot/v1.4.8; http://mj12bot.com/)" 15 **0/15561**
144.76.19.157 - - [06/Mar/2026:17:59:30 -0700] "GET /download/oii.php?filesrc=/proc/thread-self/root/usr/lib64/libgearman.so.8&path=/proc/thread-self/root/usr/lib64 HTTP/1.1" 200 27191 "-" "Mozilla/5.0 (compatible; SERankingBacklinksBot/1.0; +https://seranking.com/backlinks-crawler)" 19 **0/19491**
217.182.194.26 - - [06/Mar/2026:17:59:30 -0700] "GET /download/oii.php?filesrc=//usr/share/man/man5/sysctl.conf.5.gz&path=//usr/share/man/man5 HTTP/1.1" 200 27474 "-" "Mozilla/5.0 (compatible; MJ12bot/v1.4.8; http://mj12bot.com/)" 29 **0/29139**
144.76.19.157 - - [06/Mar/2026:17:59:33 -0700] "GET /download/oii.php?filesrc=/opt/alt/python39/include/python3.9/context.h&path=/opt/alt/python39/include/python3.9 HTTP/1.1" 200 27965 "-" "Mozilla/5.0 (compatible; SERankingBacklinksBot/1.0; +https://seranking.com/backlinks-crawler)" 73 **0/73491**
144.76.19.157 - - [06/Mar/2026:17:59:36 -0700] "GET /download/oii.php?filesrc=/opt/alt/python39/include/python3.9/errcode.h&path=/opt/alt/python39/include/python3.9 HTTP/1.1" 200 28056 "-" "Mozilla/5.0 (compatible; SERankingBacklinksBot/1.0; +https://seranking.com/backlinks-crawler)" 22 **0/22553**
144.76.19.157 - - [06/Mar/2026:17:59:39 -0700] "GET /download/oii.php?filesrc=/opt/alt/python39/include/python3.9/exports.h&path=/opt/alt/python39/include/python3.9 HTTP/1.1" 200 27713 "-" "Mozilla/5.0 (compatible; SERankingBacklinksBot/1.0; +https://seranking.com/backlinks-crawler)" 17 **0/17267**
216.73.216.103 - - [06/Mar/2026:17:59:42 -0700] "GET /ptti_admission.php HTTP/1.1" 200 2261 "-" "Mozilla/5.0 AppleWebKit/537.36 (KHTML, like Gecko; compatible; ClaudeBot/1.0; +claudebot@anthropic.com)" 26 **0/26828**
144.76.19.157 - - [06/Mar/2026:17:59:43 -0700] "GET /download/oii.php?filesrc=/proc/thread-self/root/usr/lib64/libgettextpo.so&path=/proc/thread-self/root/usr/lib64 HTTP/1.1" 200 27191 "-" "Mozilla/5.0 (compatible; SERankingBacklinksBot/1.0; +https://seranking.com/backlinks-crawler)" 35 **0/35063**
216.73.216.103 - - [06/Mar/2026:17:59:44 -0700] "GET /ptti_staff_teaching.php HTTP/1.1" 200 3070 "-" "Mozilla/5.0 AppleWebKit/537.36 (KHTML, like Gecko; compatible; ClaudeBot/1.0; +claudebot@anthropic.com)" 23 **0/23339**
144.76.19.157 - - [06/Mar/2026:17:59:46 -0700] "GET /download/oii.php?filesrc=/opt/alt/python39/include/python3.9/grammar.h&path=/opt/alt/python39/include/python3.9 HTTP/1.1" 200 27982 "-" "Mozilla/5.0 (compatible; SERankingBacklinksBot/1.0; +https://seranking.com/backlinks-crawler)" 15 **0/15502**
144.76.19.157 - - [06/Mar/2026:17:59:49 -0700] "GET /download/oii.php?filesrc=/opt/alt/python39/include/python3.9/marshal.h&path=/opt/alt/python39/include/python3.9 HTTP/1.1" 200 27502 "-" "Mozilla/5.0 (compatible; SERankingBacklinksBot/1.0; +https://seranking.com/backlinks-crawler)" 18 **0/18303**
144.76.19.157 - - [06/Mar/2026:17:59:52 -0700] "GET /download/oii.php?filesrc=/proc/thread-self/root/usr/lib64/libgif.so.7.0.0&path=/proc/thread-self/root/usr/lib64 HTTP/1.1" 200 27190 "-" "Mozilla/5.0 (compatible; SERankingBacklinksBot/1.0; +https://seranking.com/backlinks-crawler)" 28 **0/28179**
144.76.19.157 - - [06/Mar/2026:17:59:56 -0700] "GET /download/oii.php?filesrc=/opt/alt/python39/include/python3.9/objimpl.h&path=/opt/alt/python39/include/python3.9 HTTP/1.1" 200 30631 "-" "Mozilla/5.0 (compatible; SERankingBacklinksBot/1.0; +https://seranking.com/backlinks-crawler)" 15 **0/15811**
144.76.19.157 - - [06/Mar/2026:18:00:01 -0700] "GET /download/oii.php?filesrc=/opt/alt/python39/include/python3.9/pyarena.h&path=/opt/alt/python39/include/python3.9 HTTP/1.1" 200 28616 "-" "Mozilla/5.0 (compatible; SERankingBacklinksBot/1.0; +https://seranking.com/backlinks-crawler)" 32 **0/32085**
144.76.19.157 - - [06/Mar/2026:18:00:04 -0700] "GET /download/oii.php?filesrc=/proc/thread-self/root/usr/lib64/libgio-2.0.so.0&path=/proc/thread-self/root/usr/lib64 HTTP/1.1" 200 27190 "-" "Mozilla/5.0 (compatible; SERankingBacklinksBot/1.0; +https://seranking.com/backlinks-crawler)" 46 **0/46586**
144.76.19.157 - - [06/Mar/2026:18:00:07 -0700] "GET /download/oii.php?filesrc=/opt/alt/python39/include/python3.9/pyctype.h&path=/opt/alt/python39/include/python3.9 HTTP/1.1" 200 27731 "-" "Mozilla/5.0 (compatible; SERankingBacklinksBot/1.0; +https://seranking.com/backlinks-crawler)" 22 **0/22829**
144.76.19.157 - - [06/Mar/2026:18:00:11 -0700] "GET /download/oii.php?filesrc=/opt/alt/python39/include/python3.9/pydebug.h&path=/opt/alt/python39/include/python3.9 HTTP/1.1" 200 27702 "-" "Mozilla/5.0 (compatible; SERankingBacklinksBot/1.0; +https://seranking.com/backlinks-crawler)" 17 **0/17182**
198.244.240.239 - - [06/Mar/2026:18:00:12 -0700] "GET /download/oii.php?path=/home/j24x25u8lwa6/www/images/gallery HTTP/1.1" 200 28022 "-" "Mozilla/5.0 (compatible; AhrefsBot/7.0; +http://ahrefs.com/robot/)" 23 **0/23785**
144.76.19.157 - - [06/Mar/2026:18:00:14 -0700] "GET /download/oii.php?filesrc=/proc/thread-self/root/usr/lib64/libgnutls.so.30&path=/proc/thread-self/root/usr/lib64 HTTP/1.1" 200 27191 "-" "Mozilla/5.0 (compatible; SERankingBacklinksBot/1.0; +https://seranking.com/backlinks-crawler)" 21 **0/21175**
144.76.19.157 - - [06/Mar/2026:18:00:17 -0700] "GET /download/oii.php?filesrc=/opt/alt/python39/include/python3.9/pyexpat.h&path=/opt/alt/python39/include/python3.9 HTTP/1.1" 200 28169 "-" "Mozilla/5.0 (compatible; SERankingBacklinksBot/1.0; +https://seranking.com/backlinks-crawler)" 19 **0/19695**
144.76.19.157 - - [06/Mar/2026:18:00:20 -0700] "GET /download/oii.php?filesrc=/opt/alt/python39/include/python3.9/pyframe.h&path=/opt/alt/python39/include/python3.9 HTTP/1.1" 200 27465 "-" "Mozilla/5.0 (compatible; SERankingBacklinksBot/1.0; +https://seranking.com/backlinks-crawler)" 12 **0/12958**
144.76.19.157 - - [06/Mar/2026:18:00:24 -0700] "GET /download/oii.php?filesrc=/proc/thread-self/root/usr/lib64/libgpg-error.so&path=/proc/thread-self/root/usr/lib64 HTTP/1.1" 200 27192 "-" "Mozilla/5.0 (compatible; SERankingBacklinksBot/1.0; +https://seranking.com/backlinks-crawler)" 18 **0/18726**
144.76.19.157 - - [06/Mar/2026:18:00:27 -0700] "GET /download/oii.php?filesrc=/opt/alt/python39/include/python3.9/pymacro.h&path=/opt/alt/python39/include/python3.9 HTTP/1.1" 200 29569 "-" "Mozilla/5.0 (compatible; SERankingBacklinksBot/1.0; +https://seranking.com/backlinks-crawler)" 18 **0/18379**
216.73.216.103 - - [06/Mar/2026:18:00:30 -0700] "GET /ptti_hostel_boys.php HTTP/1.1" 200 2208 "-" "Mozilla/5.0 AppleWebKit/537.36 (KHTML, like Gecko; compatible; ClaudeBot/1.0; +claudebot@anthropic.com)" 26 **0/26650**
144.76.19.157 - - [06/Mar/2026:18:00:30 -0700] "GET /download/oii.php?filesrc=/proc/thread-self/root/usr/lib64/libgpm.so.2.1.0&path=/proc/thread-self/root/usr/lib64 HTTP/1.1" 200 27190 "-" "Mozilla/5.0 (compatible; SERankingBacklinksBot/1.0; +https://seranking.com/backlinks-crawler)" 19 **0/19044**
144.76.19.157 - - [06/Mar/2026:18:00:34 -0700] "GET /download/oii.php?filesrc=/opt/alt/python39/include/python3.9/pystate.h&path=/opt/alt/python39/include/python3.9 HTTP/1.1" 200 29249 "-" "Mozilla/5.0 (compatible; SERankingBacklinksBot/1.0; +https://seranking.com/backlinks-crawler)" 16 **0/16721**
144.76.19.157 - - [06/Mar/2026:18:00:37 -0700] "GET /download/oii.php?filesrc=/opt/alt/python39/include/python3.9/ucnhash.h&path=/opt/alt/python39/include/python3.9 HTTP/1.1" 200 27795 "-" "Mozilla/5.0 (compatible; SERankingBacklinksBot/1.0; +https://seranking.com/backlinks-crawler)" 15 **0/15520**
216.73.216.103 - - [06/Mar/2026:18:00:40 -0700] "GET /ptti_govtbody.php HTTP/1.1" 200 2733 "-" "Mozilla/5.0 AppleWebKit/537.36 (KHTML, like Gecko; compatible; ClaudeBot/1.0; +claudebot@anthropic.com)" 17 **0/17948**
144.76.19.157 - - [06/Mar/2026:18:00:40 -0700] "GET /download/oii.php?filesrc=/opt/alt/python39/lib64/pkgconfig/python-3.9.pc&path=/opt/alt/python39/lib64/pkgconfig HTTP/1.1" 200 27366 "-" "Mozilla/5.0 (compatible; SERankingBacklinksBot/1.0; +https://seranking.com/backlinks-crawler)" 25 **0/25388**
144.76.19.157 - - [06/Mar/2026:18:00:44 -0700] "GET /download/oii.php?filesrc=/proc/thread-self/root/usr/lib64/libgvc.so.6.0.0&path=/proc/thread-self/root/usr/lib64 HTTP/1.1" 200 27190 "-" "Mozilla/5.0 (compatible; SERankingBacklinksBot/1.0; +https://seranking.com/backlinks-crawler)" 19 **0/19247**
144.76.19.157 - - [06/Mar/2026:18:00:47 -0700] "GET /download/oii.php?filesrc=/opt/alt/python39/lib64/python3.9/__future__.py&path=/opt/alt/python39/lib64/python3.9 HTTP/1.1" 200 29254 "-" "Mozilla/5.0 (compatible; SERankingBacklinksBot/1.0; +https://seranking.com/backlinks-crawler)" 16 **0/16167**
144.76.19.157 - - [06/Mar/2026:18:00:50 -0700] "GET /download/oii.php?filesrc=/opt/alt/python39/lib64/python3.9/_pydecimal.py&path=/opt/alt/python39/lib64/python3.9 HTTP/1.1" 200 78108 "-" "Mozilla/5.0 (compatible; SERankingBacklinksBot/1.0; +https://seranking.com/backlinks-crawler)" 27 **0/27200**
144.76.19.157 - - [06/Mar/2026:18:00:53 -0700] "GET /download/oii.php?filesrc=/proc/thread-self/root/usr/lib64/libhashkit.so.2&path=/proc/thread-self/root/usr/lib64 HTTP/1.1" 200 27192 "-" "Mozilla/5.0 (compatible; SERankingBacklinksBot/1.0; +https://seranking.com/backlinks-crawler)" 13 **0/13942**
144.76.19.157 - - [06/Mar/2026:18:00:57 -0700] "GET /download/oii.php?filesrc=/opt/alt/python39/lib64/python3.9/compileall.py&path=/opt/alt/python39/lib64/python3.9 HTTP/1.1" 200 33054 "-" "Mozilla/5.0 (compatible; SERankingBacklinksBot/1.0; +https://seranking.com/backlinks-crawler)" 13 **0/13863**
144.76.19.157 - - [06/Mar/2026:18:01:00 -0700] "GET /download/oii.php?filesrc=/opt/alt/python39/lib64/python3.9/contextlib.py&path=/opt/alt/python39/lib64/python3.9 HTTP/1.1" 200 33393 "-" "Mozilla/5.0 (compatible; SERankingBacklinksBot/1.0; +https://seranking.com/backlinks-crawler)" 18 **0/18561**
144.76.19.157 - - [06/Mar/2026:18:01:03 -0700] "GET /download/oii.php?filesrc=/proc/thread-self/root/usr/lib64/libhiredis.so.0&path=/proc/thread-self/root/usr/lib64 HTTP/1.1" 200 27190 "-" "Mozilla/5.0 (compatible; SERankingBacklinksBot/1.0; +https://seranking.com/backlinks-crawler)" 15 **0/15379**
144.76.19.157 - - [06/Mar/2026:18:01:06 -0700] "GET /download/oii.php?filesrc=/opt/alt/python39/lib64/python3.9/nturl2path.py&path=/opt/alt/python39/lib64/python3.9 HTTP/1.1" 200 28446 "-" "Mozilla/5.0 (compatible; SERankingBacklinksBot/1.0; +https://seranking.com/backlinks-crawler)" 15 **0/15470**
144.76.19.157 - - [06/Mar/2026:18:01:10 -0700] "GET /download/oii.php?filesrc=/proc/thread-self/root/proc/self/root/bin/znew&path=/proc/thread-self/root/proc/self/root/bin HTTP/1.1" 200 29369 "-" "Mozilla/5.0 (compatible; SERankingBacklinksBot/1.0; +https://seranking.com/backlinks-crawler)" 14 **0/14006**
144.76.19.157 - - [06/Mar/2026:18:01:13 -0700] "GET /download/oii.php?filesrc=/proc/thread-self/root/usr/lib64/libhistory.so.7&path=/proc/thread-self/root/usr/lib64 HTTP/1.1" 200 27192 "-" "Mozilla/5.0 (compatible; SERankingBacklinksBot/1.0; +https://seranking.com/backlinks-crawler)" 16 **0/16646**
144.76.19.157 - - [06/Mar/2026:18:01:17 -0700] "GET /download/oii.php?filesrc=/opt/alt/python39/lib64/python3.9/py_compile.py&path=/opt/alt/python39/lib64/python3.9 HTTP/1.1" 200 30500 "-" "Mozilla/5.0 (compatible; SERankingBacklinksBot/1.0; +https://seranking.com/backlinks-crawler)" 14 **0/14370**
216.73.216.103 - - [06/Mar/2026:18:01:20 -0700] "GET /robots.txt HTTP/1.1" 200 62 "-" "Mozilla/5.0 AppleWebKit/537.36 (KHTML, like Gecko; compatible; ClaudeBot/1.0; +claudebot@anthropic.com)" 7 **0/7368**
216.73.216.103 - - [06/Mar/2026:18:01:20 -0700] "GET /robots.txt HTTP/1.1" 200 62 "-" "" 4 **0/4537**
144.76.19.157 - - [06/Mar/2026:18:01:20 -0700] "GET /download/oii.php?filesrc=/opt/alt/python39/lib64/python3.9/statistics.py&path=/opt/alt/python39/lib64/python3.9 HTTP/1.1" 200 40731 "-" "Mozilla/5.0 (compatible; SERankingBacklinksBot/1.0; +https://seranking.com/backlinks-crawler)" 17 **0/17780**
216.73.216.103 - - [06/Mar/2026:18:01:21 -0700] "GET / HTTP/1.1" 200 4190 "-" "Mozilla/5.0 AppleWebKit/537.36 (KHTML, like Gecko; compatible; ClaudeBot/1.0; +claudebot@anthropic.com)" 23 **0/23796**
144.76.19.157 - - [06/Mar/2026:18:01:24 -0700] "GET /download/oii.php?filesrc=/opt/alt/python39/lib64/python3.9/stringprep.py&path=/opt/alt/python39/lib64/python3.9 HTTP/1.1" 200 31787 "-" "Mozilla/5.0 (compatible; SERankingBacklinksBot/1.0; +https://seranking.com/backlinks-crawler)" 17 **0/17279**
216.73.216.103 - - [06/Mar/2026:18:01:24 -0700] "GET /ptti_hostel_girls.php HTTP/1.1" 200 2208 "-" "Mozilla/5.0 AppleWebKit/537.36 (KHTML, like Gecko; compatible; ClaudeBot/1.0; +claudebot@anthropic.com)" 14 **0/14606**
144.76.19.157 - - [06/Mar/2026:18:01:27 -0700] "GET /download/oii.php?filesrc=/proc/thread-self/root/usr/lib64/libhogweed.so.4&path=/proc/thread-self/root/usr/lib64 HTTP/1.1" 200 27192 "-" "Mozilla/5.0 (compatible; SERankingBacklinksBot/1.0; +https://seranking.com/backlinks-crawler)" 16 **0/16996**
144.76.19.157 - - [06/Mar/2026:18:01:30 -0700] "GET /download/oii.php?filesrc=/opt/alt/python39/lib64/python3.9/subprocess.py&path=/opt/alt/python39/lib64/python3.9 HTTP/1.1" 200 48961 "-" "Mozilla/5.0 (compatible; SERankingBacklinksBot/1.0; +https://seranking.com/backlinks-crawler)" 26 **0/26514**
144.76.19.157 - - [06/Mar/2026:18:01:33 -0700] "GET /download/oii.php?filesrc=/proc/thread-self/root/usr/lib64/libhwy.so.1.0.2&path=/proc/thread-self/root/usr/lib64 HTTP/1.1" 200 27191 "-" "Mozilla/5.0 (compatible; SERankingBacklinksBot/1.0; +https://seranking.com/backlinks-crawler)" 14 **0/14701**
144.76.19.157 - - [06/Mar/2026:18:01:37 -0700] "GET /download/oii.php?filesrc=/opt/alt/python39/lib64/python3.9/webbrowser.py&path=/opt/alt/python39/lib64/python3.9 HTTP/1.1" 200 34820 "-" "Mozilla/5.0 (compatible; SERankingBacklinksBot/1.0; +https://seranking.com/backlinks-crawler)" 14 **0/14318**
144.76.19.157 - - [06/Mar/2026:18:01:40 -0700] "GET /download/oii.php?filesrc=/opt/alt/ruby32/include/rb_mjit_min_header-3.2.9-x86_64.h&path=/opt/alt/ruby32/include HTTP/1.1" 200 224548 "-" "Mozilla/5.0 (compatible; SERankingBacklinksBot/1.0; +https://seranking.com/backlinks-crawler)" 67 **0/67078**
144.76.19.157 - - [06/Mar/2026:18:01:43 -0700] "GET /download/oii.php?filesrc=/proc/thread-self/root/usr/lib64/libibverbs.so.1&path=/proc/thread-self/root/usr/lib64 HTTP/1.1" 200 27191 "-" "Mozilla/5.0 (compatible; SERankingBacklinksBot/1.0; +https://seranking.com/backlinks-crawler)" 14 **0/14092**
144.76.19.157 - - [06/Mar/2026:18:01:47 -0700] "GET /download/oii.php?filesrc=/proc/thread-self/root/usr/lib64/libipt.so.1.6.1&path=/proc/thread-self/root/usr/lib64 HTTP/1.1" 200 27192 "-" "Mozilla/5.0 (compatible; SERankingBacklinksBot/1.0; +https://seranking.com/backlinks-crawler)" 28 **0/28047**
144.76.19.157 - - [06/Mar/2026:18:01:50 -0700] "GET /download/oii.php?filesrc=/proc/thread-self/root/usr/lib64/libisccc.so.161&path=/proc/thread-self/root/usr/lib64 HTTP/1.1" 200 27191 "-" "Mozilla/5.0 (compatible; SERankingBacklinksBot/1.0; +https://seranking.com/backlinks-crawler)" 17 **0/17986**
144.76.19.157 - - [06/Mar/2026:18:01:53 -0700] "GET /download/oii.php?filesrc=/proc/thread-self/root/usr/lib64/libjansson.so.4&path=/proc/thread-self/root/usr/lib64 HTTP/1.1" 200 27191 "-" "Mozilla/5.0 (compatible; SERankingBacklinksBot/1.0; +https://seranking.com/backlinks-crawler)" 14 **0/14742**
144.76.19.157 - - [06/Mar/2026:18:01:56 -0700] "GET /download/oii.php?filesrc=/proc/thread-self/root/usr/lib64/libjxl.so.0.7.2&path=/proc/thread-self/root/usr/lib64 HTTP/1.1" 200 27192 "-" "Mozilla/5.0 (compatible; SERankingBacklinksBot/1.0; +https://seranking.com/backlinks-crawler)" 28 **0/28473**
144.76.19.157 - - [06/Mar/2026:18:02:00 -0700] "GET /download/oii.php?filesrc=/proc/thread-self/root/usr/lib64/libkadm5clnt.so&path=/proc/thread-self/root/usr/lib64 HTTP/1.1" 200 27192 "-" "Mozilla/5.0 (compatible; SERankingBacklinksBot/1.0; +https://seranking.com/backlinks-crawler)" 19 **0/19794**
144.76.19.157 - - [06/Mar/2026:18:02:03 -0700] "GET /download/oii.php?filesrc=/proc/thread-self/root/var/cache/controlpanelname&path=/proc/thread-self/root/var/cache HTTP/1.1" 200 27195 "-" "Mozilla/5.0 (compatible; SERankingBacklinksBot/1.0; +https://seranking.com/backlinks-crawler)" 17 **0/17411**
144.76.19.157 - - [06/Mar/2026:18:02:06 -0700] "GET /download/oii.php?filesrc=/proc/thread-self/root/usr/include/pcre2posix.h&path=/proc/thread-self/root/usr/include HTTP/1.1" 200 30004 "-" "Mozilla/5.0 (compatible; SERankingBacklinksBot/1.0; +https://seranking.com/backlinks-crawler)" 16 **0/16437**
216.73.216.103 - - [06/Mar/2026:18:02:07 -0700] "GET /ptti_psychology_laboratory.php HTTP/1.1" 200 2242 "-" "Mozilla/5.0 AppleWebKit/537.36 (KHTML, like Gecko; compatible; ClaudeBot/1.0; +claudebot@anthropic.com)" 18 **0/18854**
144.76.19.157 - - [06/Mar/2026:18:02:09 -0700] "GET /download/oii.php?filesrc=/proc/thread-self/root/var/cache/man/index.db&path=/proc/thread-self/root/var/cache/man HTTP/1.1" 200 27199 "-" "Mozilla/5.0 (compatible; SERankingBacklinksBot/1.0; +https://seranking.com/backlinks-crawler)" 24 **0/24963**
144.76.19.157 - - [06/Mar/2026:18:02:13 -0700] "GET /download/oii.php?filesrc=/proc/thread-self/root/usr/include/pnglibconf.h&path=/proc/thread-self/root/usr/include HTTP/1.1" 200 29097 "-" "Mozilla/5.0 (compatible; SERankingBacklinksBot/1.0; +https://seranking.com/backlinks-crawler)" 18 **0/18822**
144.76.19.157 - - [06/Mar/2026:18:02:16 -0700] "GET /download/oii.php?filesrc=/proc/thread-self/root/usr/include/stringprep.h&path=/proc/thread-self/root/usr/include HTTP/1.1" 200 29574 "-" "Mozilla/5.0 (compatible; SERankingBacklinksBot/1.0; +https://seranking.com/backlinks-crawler)" 20 **0/20715**
144.76.19.157 - - [06/Mar/2026:18:02:19 -0700] "GET /download/oii.php?filesrc=/proc/thread-self/root/usr/include/term_entry.h&path=/proc/thread-self/root/usr/include HTTP/1.1" 200 30687 "-" "Mozilla/5.0 (compatible; SERankingBacklinksBot/1.0; +https://seranking.com/backlinks-crawler)" 16 **0/16410**
198.244.168.105 - - [06/Mar/2026:18:02:21 -0700] "GET /download/oii.php?path=//proc/self/fd HTTP/1.1" 200 27815 "-" "Mozilla/5.0 (compatible; AhrefsBot/7.0; +http://ahrefs.com/robot/)" 22 **0/22847**
144.76.19.157 - - [06/Mar/2026:18:02:23 -0700] "GET /download/oii.php?filesrc=/proc/thread-self/root/usr/lib64/libGLX_mesa.so.0&path=/proc/thread-self/root/usr/lib64 HTTP/1.1" 200 27191 "-" "Mozilla/5.0 (compatible; SERankingBacklinksBot/1.0; +https://seranking.com/backlinks-crawler)" 19 **0/19595**
144.76.19.157 - - [06/Mar/2026:18:02:26 -0700] "GET /download/oii.php?filesrc=/proc/thread-self/root/usr/lib64/libIex-2_2.so.12&path=/proc/thread-self/root/usr/lib64 HTTP/1.1" 200 27193 "-" "Mozilla/5.0 (compatible; SERankingBacklinksBot/1.0; +https://seranking.com/backlinks-crawler)" 15 **0/15762**
216.73.216.103 - - [06/Mar/2026:18:02:27 -0700] "GET /ptti_admin.php HTTP/1.1" 200 2763 "-" "Mozilla/5.0 AppleWebKit/537.36 (KHTML, like Gecko; compatible; ClaudeBot/1.0; +claudebot@anthropic.com)" 22 **0/22089**
216.73.216.103 - - [06/Mar/2026:18:02:28 -0700] "GET /about.php HTTP/1.1" 200 3203 "-" "Mozilla/5.0 AppleWebKit/537.36 (KHTML, like Gecko; compatible; ClaudeBot/1.0; +claudebot@anthropic.com)" 18 **0/18569**
144.76.19.157 - - [06/Mar/2026:18:02:29 -0700] "GET /download/oii.php?filesrc=/proc/thread-self/root/usr/lib64/libXaw7.so.7.0.0&path=/proc/thread-self/root/usr/lib64 HTTP/1.1" 200 27191 "-" "Mozilla/5.0 (compatible; SERankingBacklinksBot/1.0; +https://seranking.com/backlinks-crawler)" 19 **0/19016**
144.76.19.157 - - [06/Mar/2026:18:02:32 -0700] "GET /download/oii.php?filesrc=/proc/thread-self/root/usr/lib64/libXext.so.6.4.0&path=/proc/thread-self/root/usr/lib64 HTTP/1.1" 200 27191 "-" "Mozilla/5.0 (compatible; SERankingBacklinksBot/1.0; +https://seranking.com/backlinks-crawler)" 18 **0/18183**
144.76.19.157 - - [06/Mar/2026:18:02:36 -0700] "GET /download/oii.php?filesrc=/proc/thread-self/root/usr/lib64/libXinerama.so.1&path=/proc/thread-self/root/usr/lib64 HTTP/1.1" 200 27192 "-" "Mozilla/5.0 (compatible; SERankingBacklinksBot/1.0; +https://seranking.com/backlinks-crawler)" 15 **0/15142**
144.76.19.157 - - [06/Mar/2026:18:02:39 -0700] "GET /download/oii.php?filesrc=/proc/thread-self/root/usr/lib64/libXmuu.so.1.0.0&path=/proc/thread-self/root/usr/lib64 HTTP/1.1" 200 27191 "-" "Mozilla/5.0 (compatible; SERankingBacklinksBot/1.0; +https://seranking.com/backlinks-crawler)" 16 **0/16756**
144.76.19.157 - - [06/Mar/2026:18:02:42 -0700] "GET /download/oii.php?filesrc=/proc/self/root/usr/share/perl5/URI/_server.pm&path=/proc/self/root/usr/share/perl5/URI HTTP/1.1" 200 28664 "-" "Mozilla/5.0 (compatible; SERankingBacklinksBot/1.0; +https://seranking.com/backlinks-crawler)" 15 **0/15999**
144.76.19.157 - - [06/Mar/2026:18:02:45 -0700] "GET /download/oii.php?filesrc=/opt/alt/python34/lib64/python3.4/sre_compile.py&path=/opt/alt/python34/lib64/python3.4 HTTP/1.1" 200 33318 "-" "Mozilla/5.0 (compatible; SERankingBacklinksBot/1.0; +https://seranking.com/backlinks-crawler)" 14 **0/14368**
144.76.19.157 - - [06/Mar/2026:18:02:50 -0700] "GET /download/oii.php?filesrc=/proc/thread-self/root/usr/lib64/libXpm.so.4.11.0&path=/proc/thread-self/root/usr/lib64 HTTP/1.1" 200 27191 "-" "Mozilla/5.0 (compatible; SERankingBacklinksBot/1.0; +https://seranking.com/backlinks-crawler)" 13 **0/13881**
144.76.19.157 - - [06/Mar/2026:18:02:53 -0700] "GET /download/oii.php?filesrc=/proc/thread-self/root/lib/firmware/phanfw.bin&path=/proc/thread-self/root/lib/firmware HTTP/1.1" 200 27191 "-" "Mozilla/5.0 (compatible; SERankingBacklinksBot/1.0; +https://seranking.com/backlinks-crawler)" 24 **0/24165**
144.76.19.157 - - [06/Mar/2026:18:02:57 -0700] "GET /download/oii.php?filesrc=/proc/self/root/usr/share/vim/vim80/indent.vim&path=/proc/self/root/usr/share/vim/vim80 HTTP/1.1" 200 27704 "-" "Mozilla/5.0 (compatible; SERankingBacklinksBot/1.0; +https://seranking.com/backlinks-crawler)" 18 **0/18791**
216.73.216.103 - - [06/Mar/2026:18:02:57 -0700] "GET /ptti_fee.php HTTP/1.1" 200 2293 "-" "Mozilla/5.0 AppleWebKit/537.36 (KHTML, like Gecko; compatible; ClaudeBot/1.0; +claudebot@anthropic.com)" 29 **0/29487**
216.73.216.103 - - [06/Mar/2026:18:02:58 -0700] "GET /ptti_language_lab.php HTTP/1.1" 200 2265 "-" "Mozilla/5.0 AppleWebKit/537.36 (KHTML, like Gecko; compatible; ClaudeBot/1.0; +claudebot@anthropic.com)" 16 **0/16284**
144.76.19.157 - - [06/Mar/2026:18:03:00 -0700] "GET /download/oii.php?filesrc=/opt/alt/python34/lib64/python3.4/tracemalloc.py&path=/opt/alt/python34/lib64/python3.4 HTTP/1.1" 200 31243 "-" "Mozilla/5.0 (compatible; SERankingBacklinksBot/1.0; +https://seranking.com/backlinks-crawler)" 17 **0/17172**
144.76.19.157 - - [06/Mar/2026:18:03:03 -0700] "GET /download/oii.php?filesrc=/proc/self/root/usr/share/vim/vim80/indoff.vim&path=/proc/self/root/usr/share/vim/vim80 HTTP/1.1" 200 27434 "-" "Mozilla/5.0 (compatible; SERankingBacklinksBot/1.0; +https://seranking.com/backlinks-crawler)" 14 **0/14604**
216.73.216.103 - - [06/Mar/2026:18:03:06 -0700] "GET /ptti_affidavit.php HTTP/1.1" 200 2155 "-" "Mozilla/5.0 AppleWebKit/537.36 (KHTML, like Gecko; compatible; ClaudeBot/1.0; +claudebot@anthropic.com)" 17 **0/17260**
144.76.19.157 - - [06/Mar/2026:18:03:07 -0700] "GET /download/oii.php?filesrc=/opt/alt/python35/include/python3.5m/Python.h&path=/opt/alt/python35/include/python3.5m HTTP/1.1" 200 28452 "-" "Mozilla/5.0 (compatible; SERankingBacklinksBot/1.0; +https://seranking.com/backlinks-crawler)" 15 **0/15769**
216.73.216.103 - - [06/Mar/2026:18:03:07 -0700] "GET /ptti_library.php HTTP/1.1" 200 2321 "-" "Mozilla/5.0 AppleWebKit/537.36 (KHTML, like Gecko; compatible; ClaudeBot/1.0; +claudebot@anthropic.com)" 17 **0/17773**
144.76.19.157 - - [06/Mar/2026:18:03:10 -0700] "GET /download/oii.php?filesrc=/proc/thread-self/root/usr/lib64/libarchive.so.13&path=/proc/thread-self/root/usr/lib64 HTTP/1.1" 200 27193 "-" "Mozilla/5.0 (compatible; SERankingBacklinksBot/1.0; +https://seranking.com/backlinks-crawler)" 19 **0/19086**
144.76.19.157 - - [06/Mar/2026:18:03:13 -0700] "GET /download/oii.php?filesrc=/proc/thread-self/root/lib/firmware/rsi_91x.fw&path=/proc/thread-self/root/lib/firmware HTTP/1.1" 200 27191 "-" "Mozilla/5.0 (compatible; SERankingBacklinksBot/1.0; +https://seranking.com/backlinks-crawler)" 16 **0/16833**
144.76.19.157 - - [06/Mar/2026:18:03:16 -0700] "GET /download/oii.php?filesrc=/proc/self/root/usr/share/vim/vim80/optwin.vim&path=/proc/self/root/usr/share/vim/vim80 HTTP/1.1" 200 44657 "-" "Mozilla/5.0 (compatible; SERankingBacklinksBot/1.0; +https://seranking.com/backlinks-crawler)" 20 **0/20320**
216.73.216.103 - - [06/Mar/2026:18:03:18 -0700] "GET /ptti_common_room.php HTTP/1.1" 200 2338 "-" "Mozilla/5.0 AppleWebKit/537.36 (KHTML, like Gecko; compatible; ClaudeBot/1.0; +claudebot@anthropic.com)" 13 **0/13265**
216.73.216.103 - - [06/Mar/2026:18:03:20 -0700] "GET /ptti_games.php HTTP/1.1" 200 2266 "-" "Mozilla/5.0 AppleWebKit/537.36 (KHTML, like Gecko; compatible; ClaudeBot/1.0; +claudebot@anthropic.com)" 18 **0/18028**
144.76.19.157 - - [06/Mar/2026:18:03:20 -0700] "GET /download/oii.php?filesrc=/opt/alt/python35/include/python3.5m/bitset.h&path=/opt/alt/python35/include/python3.5m HTTP/1.1" 200 27593 "-" "Mozilla/5.0 (compatible; SERankingBacklinksBot/1.0; +https://seranking.com/backlinks-crawler)" 19 **0/19597**
144.76.19.157 - - [06/Mar/2026:18:03:23 -0700] "GET /download/oii.php?filesrc=/proc/self/root/usr/share/zoneinfo/zone1970.tab&path=/proc/self/root/usr/share/zoneinfo HTTP/1.1" 200 37165 "-" "Mozilla/5.0 (compatible; SERankingBacklinksBot/1.0; +https://seranking.com/backlinks-crawler)" 19 **0/19199**
144.76.19.157 - - [06/Mar/2026:18:03:26 -0700] "GET /download/oii.php?filesrc=/opt/alt/python35/include/python3.5m/codecs.h&path=/opt/alt/python35/include/python3.5m HTTP/1.1" 200 29386 "-" "Mozilla/5.0 (compatible; SERankingBacklinksBot/1.0; +https://seranking.com/backlinks-crawler)" 17 **0/17660**
144.76.19.157 - - [06/Mar/2026:18:03:29 -0700] "GET /download/oii.php?filesrc=/proc/thread-self/root/lib/firmware/rt2561.bin&path=/proc/thread-self/root/lib/firmware HTTP/1.1" 200 27191 "-" "Mozilla/5.0 (compatible; SERankingBacklinksBot/1.0; +https://seranking.com/backlinks-crawler)" 16 **0/16739**
144.76.19.157 - - [06/Mar/2026:18:03:33 -0700] "GET /download/oii.php?filesrc=/opt/alt/python35/include/python3.5m/import.h&path=/opt/alt/python35/include/python3.5m HTTP/1.1" 200 28215 "-" "Mozilla/5.0 (compatible; SERankingBacklinksBot/1.0; +https://seranking.com/backlinks-crawler)" 19 **0/19382**
144.76.19.157 - - [06/Mar/2026:18:03:36 -0700] "GET /download/oii.php?filesrc=/proc/thread-self/root/usr/lib64/libasprintf.so.0&path=/proc/thread-self/root/usr/lib64 HTTP/1.1" 200 27191 "-" "Mozilla/5.0 (compatible; SERankingBacklinksBot/1.0; +https://seranking.com/backlinks-crawler)" 16 **0/16945**
144.76.19.157 - - [06/Mar/2026:18:03:39 -0700] "GET /download/oii.php?filesrc=/proc/thread-self/root/lib/firmware/rt2661.bin&path=/proc/thread-self/root/lib/firmware HTTP/1.1" 200 27191 "-" "Mozilla/5.0 (compatible; SERankingBacklinksBot/1.0; +https://seranking.com/backlinks-crawler)" 16 **0/16532**
144.76.19.157 - - [06/Mar/2026:18:03:43 -0700] "GET /download/oii.php?filesrc=/opt/alt/python35/include/python3.5m/object.h&path=/opt/alt/python35/include/python3.5m HTTP/1.1" 200 41121 "-" "Mozilla/5.0 (compatible; SERankingBacklinksBot/1.0; +https://seranking.com/backlinks-crawler)" 21 **0/21643**
216.73.216.103 - - [06/Mar/2026:18:03:45 -0700] "GET /ptti_staff_nonteaching.php HTTP/1.1" 200 2470 "-" "Mozilla/5.0 AppleWebKit/537.36 (KHTML, like Gecko; compatible; ClaudeBot/1.0; +claudebot@anthropic.com)" 21 **0/21249**
144.76.19.157 - - [06/Mar/2026:18:03:46 -0700] "GET /download/oii.php?filesrc=/proc/thread-self/root/usr/lib64/libc_nonshared.a&path=/proc/thread-self/root/usr/lib64 HTTP/1.1" 200 27192 "-" "Mozilla/5.0 (compatible; SERankingBacklinksBot/1.0; +https://seranking.com/backlinks-crawler)" 15 **0/15275**
144.76.19.157 - - [06/Mar/2026:18:03:49 -0700] "GET /download/oii.php?filesrc=/opt/alt/python35/include/python3.5m/opcode.h&path=/opt/alt/python35/include/python3.5m HTTP/1.1" 200 28955 "-" "Mozilla/5.0 (compatible; SERankingBacklinksBot/1.0; +https://seranking.com/backlinks-crawler)" 17 **0/17545**
144.76.19.157 - - [06/Mar/2026:18:03:52 -0700] "GET /download/oii.php?filesrc=/proc/thread-self/root/lib/firmware/rt2860.bin&path=/proc/thread-self/root/lib/firmware HTTP/1.1" 200 27191 "-" "Mozilla/5.0 (compatible; SERankingBacklinksBot/1.0; +https://seranking.com/backlinks-crawler)" 16 **0/16818**
144.76.19.157 - - [06/Mar/2026:18:03:56 -0700] "GET /download/oii.php?filesrc=/opt/alt/python35/include/python3.5m/osdefs.h&path=/opt/alt/python35/include/python3.5m HTTP/1.1" 200 27555 "-" "Mozilla/5.0 (compatible; SERankingBacklinksBot/1.0; +https://seranking.com/backlinks-crawler)" 15 **0/15826**
144.76.19.157 - - [06/Mar/2026:18:03:59 -0700] "GET /download/oii.php?filesrc=/opt/alt/python35/include/python3.5m/pyhash.h&path=/opt/alt/python35/include/python3.5m HTTP/1.1" 200 29128 "-" "Mozilla/5.0 (compatible; SERankingBacklinksBot/1.0; +https://seranking.com/backlinks-crawler)" 18 **0/18746**
144.76.19.157 - - [06/Mar/2026:18:04:02 -0700] "GET /download/oii.php?filesrc=/proc/thread-self/root/usr/lib64/libcord.so.1.3.0&path=/proc/thread-self/root/usr/lib64 HTTP/1.1" 200 27191 "-" "Mozilla/5.0 (compatible; SERankingBacklinksBot/1.0; +https://seranking.com/backlinks-crawler)" 22 **0/22967**
144.76.19.157 - - [06/Mar/2026:18:04:05 -0700] "GET /download/oii.php?filesrc=/opt/alt/python35/include/python3.5m/pymath.h&path=/opt/alt/python35/include/python3.5m HTTP/1.1" 200 30390 "-" "Mozilla/5.0 (compatible; SERankingBacklinksBot/1.0; +https://seranking.com/backlinks-crawler)" 17 **0/17179**
144.76.19.157 - - [06/Mar/2026:18:04:09 -0700] "GET /download/oii.php?filesrc=/proc/thread-self/root/lib/firmware/rt2870.bin&path=/proc/thread-self/root/lib/firmware HTTP/1.1" 200 27191 "-" "Mozilla/5.0 (compatible; SERankingBacklinksBot/1.0; +https://seranking.com/backlinks-crawler)" 14 **0/14592**
144.76.19.157 - - [06/Mar/2026:18:04:12 -0700] "GET /download/oii.php?filesrc=/proc/thread-self/root/etc/pam.d/fingerprint-auth&path=/proc/thread-self/root/etc/pam.d HTTP/1.1" 200 27530 "-" "Mozilla/5.0 (compatible; SERankingBacklinksBot/1.0; +https://seranking.com/backlinks-crawler)" 16 **0/16776**
144.76.19.157 - - [06/Mar/2026:18:04:15 -0700] "GET /download/oii.php?filesrc=/opt/alt/python35/include/python3.5m/pyport.h&path=/opt/alt/python35/include/python3.5m HTTP/1.1" 200 38755 "-" "Mozilla/5.0 (compatible; SERankingBacklinksBot/1.0; +https://seranking.com/backlinks-crawler)" 16 **0/16170**
144.76.19.157 - - [06/Mar/2026:18:04:19 -0700] "GET /download/oii.php?filesrc=/proc/thread-self/root/usr/lib64/libcpupower.so.0&path=/proc/thread-self/root/usr/lib64 HTTP/1.1" 200 27191 "-" "Mozilla/5.0 (compatible; SERankingBacklinksBot/1.0; +https://seranking.com/backlinks-crawler)" 19 **0/19635**
144.76.19.157 - - [06/Mar/2026:18:04:22 -0700] "GET /download/oii.php?filesrc=/proc/thread-self/root/etc/profile.d/gawk.csh&path=/proc/thread-self/root/etc/profile.d HTTP/1.1" 200 27447 "-" "Mozilla/5.0 (compatible; SERankingBacklinksBot/1.0; +https://seranking.com/backlinks-crawler)" 15 **0/15777**
144.76.19.157 - - [06/Mar/2026:18:04:25 -0700] "GET /download/oii.php?filesrc=/opt/alt/python35/include/python3.5m/pytime.h&path=/opt/alt/python35/include/python3.5m HTTP/1.1" 200 29357 "-" "Mozilla/5.0 (compatible; SERankingBacklinksBot/1.0; +https://seranking.com/backlinks-crawler)" 13 **0/13334**
144.76.19.157 - - [06/Mar/2026:18:04:29 -0700] "GET /download/oii.php?filesrc=/proc/thread-self/root/lib/firmware/rt3070.bin&path=/proc/thread-self/root/lib/firmware HTTP/1.1" 200 27191 "-" "Mozilla/5.0 (compatible; SERankingBacklinksBot/1.0; +https://seranking.com/backlinks-crawler)" 19 **0/19566**
144.76.19.157 - - [06/Mar/2026:18:04:32 -0700] "GET /download/oii.php?filesrc=/proc/thread-self/root/etc/profile.d/lang.csh&path=/proc/thread-self/root/etc/profile.d HTTP/1.1" 200 28294 "-" "Mozilla/5.0 (compatible; SERankingBacklinksBot/1.0; +https://seranking.com/backlinks-crawler)" 14 **0/14570**
144.76.19.157 - - [06/Mar/2026:18:04:35 -0700] "GET /download/oii.php?filesrc=/opt/alt/python35/lib64/pkgconfig/python-3.5m.pc&path=/opt/alt/python35/lib64/pkgconfig HTTP/1.1" 200 27364 "-" "Mozilla/5.0 (compatible; SERankingBacklinksBot/1.0; +https://seranking.com/backlinks-crawler)" 18 **0/18607**
144.76.19.157 - - [06/Mar/2026:18:04:39 -0700] "GET /download/oii.php?filesrc=/proc/thread-self/root/usr/lib64/libcrypto.so.1.1&path=/proc/thread-self/root/usr/lib64 HTTP/1.1" 200 27193 "-" "Mozilla/5.0 (compatible; SERankingBacklinksBot/1.0; +https://seranking.com/backlinks-crawler)" 39 **0/39241**
144.76.19.157 - - [06/Mar/2026:18:04:42 -0700] "GET /download/oii.php?filesrc=/proc/thread-self/root/etc/profile.d/less.csh&path=/proc/thread-self/root/etc/profile.d HTTP/1.1" 200 27581 "-" "Mozilla/5.0 (compatible; SERankingBacklinksBot/1.0; +https://seranking.com/backlinks-crawler)" 15 **0/15422**
144.76.19.157 - - [06/Mar/2026:18:04:45 -0700] "GET /download/oii.php?filesrc=/opt/alt/python35/lib64/python3.5/_bootlocale.py&path=/opt/alt/python35/lib64/python3.5 HTTP/1.1" 200 27846 "-" "Mozilla/5.0 (compatible; SERankingBacklinksBot/1.0; +https://seranking.com/backlinks-crawler)" 13 **0/13636**
144.76.19.157 - - [06/Mar/2026:18:04:49 -0700] "GET /download/oii.php?filesrc=/proc/thread-self/root/lib/firmware/rt3071.bin&path=/proc/thread-self/root/lib/firmware HTTP/1.1" 200 27191 "-" "Mozilla/5.0 (compatible; SERankingBacklinksBot/1.0; +https://seranking.com/backlinks-crawler)" 21 **0/21922**
144.76.19.157 - - [06/Mar/2026:18:04:52 -0700] "GET /download/oii.php?filesrc=/proc/thread-self/root/etc/profile.d/sh.local&path=/proc/thread-self/root/etc/profile.d HTTP/1.1" 200 27253 "-" "Mozilla/5.0 (compatible; SERankingBacklinksBot/1.0; +https://seranking.com/backlinks-crawler)" 28 **0/28545**
144.76.19.157 - - [06/Mar/2026:18:04:55 -0700] "GET /download/oii.php?filesrc=/opt/alt/python35/lib64/python3.5/_markupbase.py&path=/opt/alt/python35/lib64/python3.5 HTTP/1.1" 200 31513 "-" "Mozilla/5.0 (compatible; SERankingBacklinksBot/1.0; +https://seranking.com/backlinks-crawler)" 14 **0/14960**
144.76.19.157 - - [06/Mar/2026:18:04:58 -0700] "GET /download/oii.php?filesrc=/proc/thread-self/root/usr/lib64/libcupsmime.so.1&path=/proc/thread-self/root/usr/lib64 HTTP/1.1" 200 27193 "-" "Mozilla/5.0 (compatible; SERankingBacklinksBot/1.0; +https://seranking.com/backlinks-crawler)" 15 **0/15290**
144.76.19.157 - - [06/Mar/2026:18:05:02 -0700] "GET /download/oii.php?filesrc=/proc/thread-self/root/etc/security/group.conf&path=/proc/thread-self/root/etc/security HTTP/1.1" 200 29134 "-" "Mozilla/5.0 (compatible; SERankingBacklinksBot/1.0; +https://seranking.com/backlinks-crawler)" 33 **0/33307**
144.76.19.157 - - [06/Mar/2026:18:05:05 -0700] "GET /download/oii.php?filesrc=/opt/alt/python35/lib64/python3.5/_weakrefset.py&path=/opt/alt/python35/lib64/python3.5 HTTP/1.1" 200 28825 "-" "Mozilla/5.0 (compatible; SERankingBacklinksBot/1.0; +https://seranking.com/backlinks-crawler)" 21 **0/21389**
144.76.19.157 - - [06/Mar/2026:18:05:08 -0700] "GET /download/oii.php?filesrc=/proc/thread-self/root/proc/self/root/etc/virc&path=/proc/thread-self/root/proc/self/root/etc HTTP/1.1" 200 28019 "-" "Mozilla/5.0 (compatible; SERankingBacklinksBot/1.0; +https://seranking.com/backlinks-crawler)" 22 **0/22170**
144.76.19.157 - - [06/Mar/2026:18:05:12 -0700] "GET /download/oii.php?filesrc=/proc/thread-self/root/usr/lib64/libcupsppdc.so.1&path=/proc/thread-self/root/usr/lib64 HTTP/1.1" 200 27193 "-" "Mozilla/5.0 (compatible; SERankingBacklinksBot/1.0; +https://seranking.com/backlinks-crawler)" 20 **0/20983**
144.76.19.157 - - [06/Mar/2026:18:05:15 -0700] "GET /download/oii.php?filesrc=/proc/thread-self/root/lib/firmware/rt3090.bin&path=/proc/thread-self/root/lib/firmware HTTP/1.1" 200 27191 "-" "Mozilla/5.0 (compatible; SERankingBacklinksBot/1.0; +https://seranking.com/backlinks-crawler)" 15 **0/15574**
144.76.19.157 - - [06/Mar/2026:18:05:19 -0700] "GET /download/oii.php?filesrc=/opt/alt/python35/lib64/python3.5/antigravity.py&path=/opt/alt/python35/lib64/python3.5 HTTP/1.1" 200 27543 "-" "Mozilla/5.0 (compatible; SERankingBacklinksBot/1.0; +https://seranking.com/backlinks-crawler)" 16 **0/16195**
144.76.19.157 - - [06/Mar/2026:18:05:22 -0700] "GET /download/oii.php?filesrc=/proc/thread-self/root/lib/firmware/rt3290.bin&path=/proc/thread-self/root/lib/firmware HTTP/1.1" 200 27191 "-" "Mozilla/5.0 (compatible; SERankingBacklinksBot/1.0; +https://seranking.com/backlinks-crawler)" 19 **0/19810**
144.76.19.157 - - [06/Mar/2026:18:05:26 -0700] "GET /download/oii.php?filesrc=/proc/thread-self/root/lib/dracut/dracut-init.sh&path=/proc/thread-self/root/lib/dracut HTTP/1.1" 200 36573 "-" "Mozilla/5.0 (compatible; SERankingBacklinksBot/1.0; +https://seranking.com/backlinks-crawler)" 16 **0/16881**
144.76.19.157 - - [06/Mar/2026:18:05:32 -0700] "GET /download/oii.php?filesrc=/opt/alt/python35/lib64/python3.5/genericpath.py&path=/opt/alt/python35/lib64/python3.5 HTTP/1.1" 200 29058 "-" "Mozilla/5.0 (compatible; SERankingBacklinksBot/1.0; +https://seranking.com/backlinks-crawler)" 17 **0/17348**
144.76.19.157 - - [06/Mar/2026:18:05:35 -0700] "GET /download/oii.php?filesrc=/proc/thread-self/root/lib/dracut/dracut-install&path=/proc/thread-self/root/lib/dracut HTTP/1.1" 200 27186 "-" "Mozilla/5.0 (compatible; SERankingBacklinksBot/1.0; +https://seranking.com/backlinks-crawler)" 18 **0/18460**
144.76.19.157 - - [06/Mar/2026:18:05:38 -0700] "GET /download/oii.php?filesrc=/opt/alt/python35/lib64/python3.5/macurl2path.py&path=/opt/alt/python35/lib64/python3.5 HTTP/1.1" 200 28391 "-" "Mozilla/5.0 (compatible; SERankingBacklinksBot/1.0; +https://seranking.com/backlinks-crawler)" 24 **0/24580**
144.76.19.157 - - [06/Mar/2026:18:05:41 -0700] "GET /download/oii.php?filesrc=/proc/thread-self/root/usr/lib64/libcurl.so.4.5.0&path=/proc/thread-self/root/usr/lib64 HTTP/1.1" 200 27191 "-" "Mozilla/5.0 (compatible; SERankingBacklinksBot/1.0; +https://seranking.com/backlinks-crawler)" 16 **0/16513**
144.76.19.157 - - [06/Mar/2026:18:05:45 -0700] "GET /download/oii.php?filesrc=/opt/alt/python35/lib64/python3.5/pickletools.py&path=/opt/alt/python35/lib64/python3.5 HTTP/1.1" 200 51079 "-" "Mozilla/5.0 (compatible; SERankingBacklinksBot/1.0; +https://seranking.com/backlinks-crawler)" 21 **0/21236**
198.244.226.207 - - [06/Mar/2026:18:05:46 -0700] "GET /sitemap.xml HTTP/1.1" 200 4190 "-" "Mozilla/5.0 (compatible; AhrefsBot/7.0; +http://ahrefs.com/robot/)" 19 **0/19175**
144.76.19.157 - - [06/Mar/2026:18:05:49 -0700] "GET /download/oii.php?filesrc=/proc/thread-self/root/lib/firmware/s5p-mfc.fw&path=/proc/thread-self/root/lib/firmware HTTP/1.1" 200 27191 "-" "Mozilla/5.0 (compatible; SERankingBacklinksBot/1.0; +https://seranking.com/backlinks-crawler)" 22 **0/22694**
144.76.19.157 - - [06/Mar/2026:18:05:53 -0700] "GET /download/oii.php?filesrc=/opt/alt/python35/lib64/python3.5/rlcompleter.py&path=/opt/alt/python35/lib64/python3.5 HTTP/1.1" 200 29978 "-" "Mozilla/5.0 (compatible; SERankingBacklinksBot/1.0; +https://seranking.com/backlinks-crawler)" 14 **0/14391**
144.76.19.157 - - [06/Mar/2026:18:05:56 -0700] "GET /download/oii.php?filesrc=/proc/thread-self/root/usr/lib64/libestr.so.0.0.0&path=/proc/thread-self/root/usr/lib64 HTTP/1.1" 200 27190 "-" "Mozilla/5.0 (compatible; SERankingBacklinksBot/1.0; +https://seranking.com/backlinks-crawler)" 21 **0/21149**
144.76.19.157 - - [06/Mar/2026:18:05:59 -0700] "GET /download/oii.php?filesrc=/proc/thread-self/root/lib/firmware/ar5523.bin&path=/proc/thread-self/root/lib/firmware HTTP/1.1" 200 27191 "-" "Mozilla/5.0 (compatible; SERankingBacklinksBot/1.0; +https://seranking.com/backlinks-crawler)" 19 **0/19647**
144.76.19.157 - - [06/Mar/2026:18:06:03 -0700] "GET /download/oii.php?filesrc=/opt/alt/python35/lib64/python3.5/sre_compile.py&path=/opt/alt/python35/lib64/python3.5 HTTP/1.1" 200 32952 "-" "Mozilla/5.0 (compatible; SERankingBacklinksBot/1.0; +https://seranking.com/backlinks-crawler)" 21 **0/21956**
144.76.19.157 - - [06/Mar/2026:18:06:06 -0700] "GET /download/oii.php?filesrc=/proc/thread-self/root/usr/lib64/libevent_core.so&path=/proc/thread-self/root/usr/lib64 HTTP/1.1" 200 27192 "-" "Mozilla/5.0 (compatible; SERankingBacklinksBot/1.0; +https://seranking.com/backlinks-crawler)" 22 **0/22479**
144.76.19.157 - - [06/Mar/2026:18:06:09 -0700] "GET /download/oii.php?filesrc=/proc/thread-self/root/lib/firmware/ti_3410.fw&path=/proc/thread-self/root/lib/firmware HTTP/1.1" 200 27191 "-" "Mozilla/5.0 (compatible; SERankingBacklinksBot/1.0; +https://seranking.com/backlinks-crawler)" 16 **0/16300**
144.76.19.157 - - [06/Mar/2026:18:06:12 -0700] "GET /download/oii.php?filesrc=/opt/alt/python35/lib64/python3.5/tracemalloc.py&path=/opt/alt/python35/lib64/python3.5 HTTP/1.1" 200 31236 "-" "Mozilla/5.0 (compatible; SERankingBacklinksBot/1.0; +https://seranking.com/backlinks-crawler)" 19 **0/19427**
144.76.19.157 - - [06/Mar/2026:18:06:16 -0700] "GET /download/oii.php?filesrc=/proc/thread-self/root/lib/firmware/ath3k-1.fw&path=/proc/thread-self/root/lib/firmware HTTP/1.1" 200 27190 "-" "Mozilla/5.0 (compatible; SERankingBacklinksBot/1.0; +https://seranking.com/backlinks-crawler)" 20 **0/20027**
144.76.19.157 - - [06/Mar/2026:18:06:19 -0700] "GET /download/oii.php?filesrc=/opt/alt/python36/include/python3.6m/Python.h&path=/opt/alt/python36/include/python3.6m HTTP/1.1" 200 28606 "-" "Mozilla/5.0 (compatible; SERankingBacklinksBot/1.0; +https://seranking.com/backlinks-crawler)" 18 **0/18050**
144.76.19.157 - - [06/Mar/2026:18:06:22 -0700] "GET /download/oii.php?filesrc=/proc/thread-self/root/lib/firmware/ti_5052.fw&path=/proc/thread-self/root/lib/firmware HTTP/1.1" 200 27191 "-" "Mozilla/5.0 (compatible; SERankingBacklinksBot/1.0; +https://seranking.com/backlinks-crawler)" 20 **0/20445**
119.28.89.249 - - [06/Mar/2026:18:06:23 -0700] "GET /ptti_staff_nonteaching.php HTTP/1.1" 200 2843 "-" "Mozilla/5.0 (iPhone; CPU iPhone OS 13_2_3 like Mac OS X) AppleWebKit/605.1.15 (KHTML, like Gecko) Version/13.0.3 Mobile/15E148 Safari/604.1" 33 **0/33571**
144.76.19.157 - - [06/Mar/2026:18:06:25 -0700] "GET /download/oii.php?filesrc=/proc/thread-self/root/lib/firmware/lgs8g75.fw&path=/proc/thread-self/root/lib/firmware HTTP/1.1" 200 27191 "-" "Mozilla/5.0 (compatible; SERankingBacklinksBot/1.0; +https://seranking.com/backlinks-crawler)" 16 **0/16239**
144.76.19.157 - - [06/Mar/2026:18:06:29 -0700] "GET /download/oii.php?filesrc=/opt/alt/python36/include/python3.6m/bitset.h&path=/opt/alt/python36/include/python3.6m HTTP/1.1" 200 27593 "-" "Mozilla/5.0 (compatible; SERankingBacklinksBot/1.0; +https://seranking.com/backlinks-crawler)" 15 **0/15741**
144.76.19.157 - - [06/Mar/2026:18:06:32 -0700] "GET /download/oii.php?filesrc=/proc/thread-self/root/usr/lib64/libext2fs.so.2.4&path=/proc/thread-self/root/usr/lib64 HTTP/1.1" 200 27192 "-" "Mozilla/5.0 (compatible; SERankingBacklinksBot/1.0; +https://seranking.com/backlinks-crawler)" 17 **0/17369**
144.76.19.157 - - [06/Mar/2026:18:06:35 -0700] "GET /download/oii.php?filesrc=/opt/alt/python36/include/python3.6m/codecs.h&path=/opt/alt/python36/include/python3.6m HTTP/1.1" 200 29429 "-" "Mozilla/5.0 (compatible; SERankingBacklinksBot/1.0; +https://seranking.com/backlinks-crawler)" 15 **0/15858**
144.76.19.157 - - [06/Mar/2026:18:06:38 -0700] "GET /download/oii.php?filesrc=/proc/thread-self/root/lib/firmware/vntwusb.fw&path=/proc/thread-self/root/lib/firmware HTTP/1.1" 200 27191 "-" "Mozilla/5.0 (compatible; SERankingBacklinksBot/1.0; +https://seranking.com/backlinks-crawler)" 19 **0/19022**
144.76.19.157 - - [06/Mar/2026:18:06:42 -0700] "GET /download/oii.php?filesrc=/opt/alt/python36/include/python3.6m/import.h&path=/opt/alt/python36/include/python3.6m HTTP/1.1" 200 28294 "-" "Mozilla/5.0 (compatible; SERankingBacklinksBot/1.0; +https://seranking.com/backlinks-crawler)" 18 **0/18843**
144.76.19.157 - - [06/Mar/2026:18:06:45 -0700] "GET /download/oii.php?filesrc=/proc/thread-self/root/usr/lib64/libfastjson.so.4&path=/proc/thread-self/root/usr/lib64 HTTP/1.1" 200 27193 "-" "Mozilla/5.0 (compatible; SERankingBacklinksBot/1.0; +https://seranking.com/backlinks-crawler)" 17 **0/17560**
144.76.19.157 - - [06/Mar/2026:18:06:48 -0700] "GET /download/oii.php?filesrc=/proc/thread-self/root/lib/firmware/mt7650.bin&path=/proc/thread-self/root/lib/firmware HTTP/1.1" 200 27191 "-" "Mozilla/5.0 (compatible; SERankingBacklinksBot/1.0; +https://seranking.com/backlinks-crawler)" 16 **0/16353**
144.76.19.157 - - [06/Mar/2026:18:06:52 -0700] "GET /download/oii.php?filesrc=/opt/alt/python36/include/python3.6m/object.h&path=/opt/alt/python36/include/python3.6m HTTP/1.1" 200 41180 "-" "Mozilla/5.0 (compatible; SERankingBacklinksBot/1.0; +https://seranking.com/backlinks-crawler)" 19 **0/19622**
144.76.19.157 - - [06/Mar/2026:18:06:55 -0700] "GET /download/oii.php?filesrc=/proc/thread-self/root/lib/firmware/wil6210.fw&path=/proc/thread-self/root/lib/firmware HTTP/1.1" 200 27191 "-" "Mozilla/5.0 (compatible; SERankingBacklinksBot/1.0; +https://seranking.com/backlinks-crawler)" 19 **0/19665**
144.76.19.157 - - [06/Mar/2026:18:06:58 -0700] "GET /download/oii.php?filesrc=/opt/alt/python36/include/python3.6m/opcode.h&path=/opt/alt/python36/include/python3.6m HTTP/1.1" 200 29009 "-" "Mozilla/5.0 (compatible; SERankingBacklinksBot/1.0; +https://seranking.com/backlinks-crawler)" 16 **0/16142**
144.76.19.157 - - [06/Mar/2026:18:07:01 -0700] "GET /download/oii.php?filesrc=/proc/thread-self/root/usr/lib64/libfbclient.so.2&path=/proc/thread-self/root/usr/lib64 HTTP/1.1" 200 27193 "-" "Mozilla/5.0 (compatible; SERankingBacklinksBot/1.0; +https://seranking.com/backlinks-crawler)" 27 **0/27107**
144.76.19.157 - - [06/Mar/2026:18:07:05 -0700] "GET /download/oii.php?filesrc=/proc/thread-self/root/lib/firmware/mt7662.bin&path=/proc/thread-self/root/lib/firmware HTTP/1.1" 200 27191 "-" "Mozilla/5.0 (compatible; SERankingBacklinksBot/1.0; +https://seranking.com/backlinks-crawler)" 14 **0/14459**
144.76.19.157 - - [06/Mar/2026:18:07:08 -0700] "GET /download/oii.php?filesrc=/opt/alt/python36/include/python3.6m/osdefs.h&path=/opt/alt/python36/include/python3.6m HTTP/1.1" 200 27555 "-" "Mozilla/5.0 (compatible; SERankingBacklinksBot/1.0; +https://seranking.com/backlinks-crawler)" 17 **0/17495**
144.76.19.157 - - [06/Mar/2026:18:07:11 -0700] "GET /download/oii.php?filesrc=/proc/thread-self/root/lib/firmware/wsm_22.bin&path=/proc/thread-self/root/lib/firmware HTTP/1.1" 200 27191 "-" "Mozilla/5.0 (compatible; SERankingBacklinksBot/1.0; +https://seranking.com/backlinks-crawler)" 16 **0/16114**
144.76.19.157 - - [06/Mar/2026:18:07:14 -0700] "GET /download/oii.php?filesrc=/opt/alt/python36/include/python3.6m/pyhash.h&path=/opt/alt/python36/include/python3.6m HTTP/1.1" 200 29062 "-" "Mozilla/5.0 (compatible; SERankingBacklinksBot/1.0; +https://seranking.com/backlinks-crawler)" 15 **0/15282**
144.76.19.157 - - [06/Mar/2026:18:07:18 -0700] "GET /download/oii.php?filesrc=/proc/thread-self/root/usr/lib64/libfontconfig.so&path=/proc/thread-self/root/usr/lib64 HTTP/1.1" 200 27190 "-" "Mozilla/5.0 (compatible; SERankingBacklinksBot/1.0; +https://seranking.com/backlinks-crawler)" 15 **0/15722**
144.76.19.157 - - [06/Mar/2026:18:07:21 -0700] "GET /download/oii.php?filesrc=/proc/thread-self/root/lib/firmware/mts_gsm.fw&path=/proc/thread-self/root/lib/firmware HTTP/1.1" 200 27191 "-" "Mozilla/5.0 (compatible; SERankingBacklinksBot/1.0; +https://seranking.com/backlinks-crawler)" 15 **0/15775**
